{"id":9785,"date":"2016-10-27T14:01:06","date_gmt":"2016-10-27T14:01:06","guid":{"rendered":"http:\/\/studiogentiloni.com\/bra\/?page_id=9785"},"modified":"2017-02-13T03:20:46","modified_gmt":"2017-02-13T03:20:46","slug":"patrocinio-in-materia-penale","status":"publish","type":"page","link":"https:\/\/studiogentiloni.com\/bra\/attivita\/patrocinio-in-materia-penale\/","title":{"rendered":"Patroc\u00ednio em \u00e2mbito penal"},"content":{"rendered":"<p><div class=\"push\" style='height:80px'><\/div>\n<div class=\"row \"><div class=\"wpv-grid grid-1-1  wpv-first-level first unextended\" style=\"padding-top:0px;padding-bottom:0px\" id=\"wpv-column-8bd34d4334495d15b9df1fcfe1e4278a\" ><div class=\"row \"><div class=\"wpv-grid grid-1-1  first unextended\" style=\"padding-top:0px;padding-bottom:0px\" id=\"wpv-column-f46117364639a1b24b107aa6c6108408\" ><blockquote><p>O setor de atua\u00e7\u00e3o tradicional do Escrit\u00f3rio \u00e9 a defesa em ju\u00edzo de pessoas f\u00edsicas e entidades coletivas. Os profissionais do Studio Gentiloni adquiriram experi\u00eancia em milhares de processos celebrados perante os Tribunais competentes de toda a It\u00e1lia, como perante a Corte Suprema di Cassazione, a \u00faltima inst\u00e2ncia de julgamento italiana, e cujos objetos abrangiam o inteiro panorama do ordenamento jur\u00eddico penal.<\/p><\/blockquote><\/div><\/div><\/div><\/div>\n<div class=\"sep\"><\/div>\n<div class=\"row \"><div class=\"wpv-grid grid-1-2  wpv-first-level first unextended\" style=\"padding-top:0px;padding-bottom:0px\" id=\"wpv-column-aa0c88cdd81e7a4ee7dd3c552b88ee13\" ><p>Atuamos em numeros\u00edssimas a\u00e7\u00f5es penais em mat\u00e9ria de crimes cometidos contra a pessoa, contra o patrim\u00f4nio, contra o Estado (participando dos mais importantes processos no per\u00edodo do terrorismo interno, representando as v\u00edtimas, bem como oficiais de alt\u00edssima patente dos servi\u00e7os de informa\u00e7\u00e3o), contra a administra\u00e7\u00e3o da Justi\u00e7a, contra a ordem p\u00fablica (sobretudo em rela\u00e7\u00e3o aos delitos em associa\u00e7\u00e3o, inclusive caracterizados como crime organizado de matriz mafiosa), de crimes cometidos no contexto profissional e no \u00e2mbito da fam\u00edlia. Prestamos a nossa assist\u00eancia a empresas e sujeitos privados por crimes em mat\u00e9ria de planejamento urban\u00edstico e constru\u00e7\u00e3o civil, no setor do direito penal da inform\u00e1tica e das novas tecnologias, da tutela do direito autoral. Cont\u00ednua tamb\u00e9m a nossa atua\u00e7\u00e3o no \u00e2mbito da culpa m\u00e9dica e dos demais profissionais da \u00e1rea da Sa\u00fade.<\/p>\n<p>Temos peculiar experi\u00eancia no setor dos crimes contra a administra\u00e7\u00e3o p\u00fablica (quer do ponto de vista dos delitos dos p\u00fablicos oficiais, quer dos sujeitos privados), por termos atuado em um n\u00famero muito elevado de processos, em defesa de funcion\u00e1rios p\u00fablicos e de pessoas jur\u00eddicas na qualidade de r\u00e9us, bem como de empres\u00e1rios e Grupos societ\u00e1rios prejudicados por a\u00e7\u00f5es de suborno visando a concess\u00e3o irregular de trabalhos voltados \u00e0 realiza\u00e7\u00e3o de importantes obras p\u00fablicas. <\/p>\n<p>Dispomos de experi\u00eancia altamente espec\u00edfica em quest\u00f5es de direito penal societ\u00e1rio, tribut\u00e1rio e falimentar, de direito banc\u00e1rio e relativo \u00e0s sociedades de intermedia\u00e7\u00e3o imobili\u00e1ria, bem como nos aspectos relativos \u00e0 responsabilidade empresarial no quadro da intermedia\u00e7\u00e3o financeira..<\/div>\n<div class=\"wpv-grid grid-1-2  wpv-first-level unextended\" style=\"padding-top:0px;padding-bottom:0px\" id=\"wpv-column-08136b914f42f13df11bc8dd93939be2\" ><\/div>\n<div class=\"wpv-grid grid-1-2  wpv-first-level unextended\" style=\"padding-top:0px;padding-bottom:0px\" id=\"wpv-column-72cf8eb8e7c2ce8b0739310d426f5ab9\" >Coube a n\u00f3s gerir as controv\u00e9rsias penais de empresas de seguro de al\u00e7ada global e demos nossa assist\u00eancia em numerosos processos penais em mat\u00e9ria de seguran\u00e7a no trabalho e em mat\u00e9ria ambiental, representando importante empresas de constru\u00e7\u00e3o civil, inclusive em casos de responsabilidade administrativa pass\u00edvel de ser enquadrada em atividades delituosas, como regulamenta o Decreto-Lei 231 da Rep\u00fablica Italiana. Contamos com compet\u00eancia espec\u00edfica e acumulada ao longo de v\u00e1rias d\u00e9cadas no ramo do combate (na esfera penal) \u00e0 adultera\u00e7\u00e3o e falsifica\u00e7\u00e3o, cen\u00e1rio no qual defendemos algumas das mais importantes multinacionais do setor, em n\u00edvel mundial. Nossa experi\u00eancia abrange tamb\u00e9m a defesa dos jornalistas e do Diretor respons\u00e1vel nas a\u00e7\u00f5es por difama\u00e7\u00e3o por meio da imprensa<\/p>\n<p>Proporcionamos nossa defesa em procedimentos para a aplica\u00e7\u00e3o de medidas de preven\u00e7\u00e3o, pessoais e patrimoniais, inclusive em rela\u00e7\u00e3o aos direitos de terceiros titulares de direito sobre bens confiscados.<\/p>\n<p>Acompanhamos procedimentos voltados \u00e0 repara\u00e7\u00e3o de deten\u00e7\u00e3o injusta, bem como a\u00e7\u00f5es em mat\u00e9ria de ressarcimento devido em fun\u00e7\u00e3o da dura\u00e7\u00e3o excessiva do procedimento penal, nos termos da denominada Lei \u201cPinto\u201d, do arcabou\u00e7o jur\u00eddico italiano. Atuamos em mat\u00e9ria disciplinar perante os Conselhos da Ordem dos Advogados e o Conselho Nacional Forense, quer no quadro do julgamento de m\u00e9rito, quer de legitimidade.<\/div><\/div>\n<div class=\"sep\"><\/div>\n<div class=\"row \"><div class=\"wpv-grid grid-1-1  wpv-first-level first has-background unextended\" style=\"background-color:#e5e1e1;padding-top:0px;padding-bottom:0px\" id=\"wpv-column-732ff3c4768699f6981a73de603bd24d\" ><style>#wpv-column-732ff3c4768699f6981a73de603bd24d p,#wpv-column-732ff3c4768699f6981a73de603bd24d em,#wpv-column-732ff3c4768699f6981a73de603bd24d .column-title,#wpv-column-732ff3c4768699f6981a73de603bd24d .sep-text h2.regular-title-wrapper,#wpv-column-732ff3c4768699f6981a73de603bd24d .text-divider-double,#wpv-column-732ff3c4768699f6981a73de603bd24d .sep-text .sep-text-line,#wpv-column-732ff3c4768699f6981a73de603bd24d .sep,#wpv-column-732ff3c4768699f6981a73de603bd24d .sep-2,#wpv-column-732ff3c4768699f6981a73de603bd24d .sep-3,#wpv-column-732ff3c4768699f6981a73de603bd24d td,#wpv-column-732ff3c4768699f6981a73de603bd24d th,#wpv-column-732ff3c4768699f6981a73de603bd24d caption{color:#6b5c5c;}#wpv-column-732ff3c4768699f6981a73de603bd24d:before{background-color:transparent;}<\/style><div class=\"row \"><div class=\"wpv-grid grid-1-2  first unextended\" style=\"padding-top:0px;padding-bottom:0px\" id=\"wpv-column-cc00b1ed9ccc1e7625a0d8a0c2669482\" ><p>Entre nossas mais espec\u00edficas especializa\u00e7\u00f5es, contamos ainda com a reda\u00e7\u00e3o e a discuss\u00e3o de recursos perante a Corte Suprema di Cassazione, a mais alta inst\u00e2ncia de julgamento na It\u00e1lia, mesmo sem ter atuado nas fases anteriores de m\u00e9rito.<\/p>\n<p>Para garantir a elevada especializa\u00e7\u00e3o da atividade, o Escrit\u00f3rio conta com uma rede de profissionais do mais alto gabarito especializados em outros ramos do direito e em disciplinas t\u00e9cnicas cont\u00edguas, com os quais, a cada ocasi\u00e3o, s\u00e3o constitu\u00eddos grupos de trabalho multidisciplinares, no \u00e2mbito dos quais as v\u00e1rias figuras se integram e coordenam, com o fito de alcan\u00e7ar o mais alto n\u00edvel de gest\u00e3o das quest\u00f5es que abrangem, no \u00e2mbito do procedimento penal, setores espec\u00edficos da legisla\u00e7\u00e3o ou assuntos t\u00e9cnicos.<\/div>\n<div class=\"wpv-grid grid-1-2  unextended\" style=\"padding-top:0px;padding-bottom:0px\" id=\"wpv-column-269e49e90e0cdfcad2e2c95701517cc9\" >Ainda, a controv\u00e9rsia penal \u00e9 gerida, quando necess\u00e1rio, em coordena\u00e7\u00e3o constante com outros profissionais que se ocupam dos aspectos c\u00edveis, administrativos ou disciplinares paralelos e interligados, em uma perspectiva transversal cujo objetivo final e comum \u00e9 a solu\u00e7\u00e3o do problema do sujeito assistido.<\/div><\/div><\/div><\/div>\n<div class=\"row \"><div class=\"wpv-grid grid-1-1  wpv-first-level first unextended\" style=\"padding-top:0px;padding-bottom:0px\" id=\"wpv-column-76c4b58813c6c9f550799d6cfc650445\" ><p><em>Os colaboradores do Escrit\u00f3rio e uma densa rede constitu\u00edda pelos melhores correspondentes locais garantem assist\u00eancia imediata em todo o territ\u00f3rio nacional italiano.<\/em><\/div><\/div>\n<div class=\"push\" style='height:80px'><\/div><\/p>","protected":false},"excerpt":{"rendered":"<p>O setor de atua\u00e7\u00e3o tradicional do Escrit\u00f3rio \u00e9 a defesa em ju\u00edzo de pessoas f\u00edsicas e entidades coletivas. Os profissionais do Studio Gentiloni adquiriram experi\u00eancia em milhares de processos celebrados perante os Tribunais competentes de toda a It\u00e1lia, como perante a Corte Suprema di Cassazione, a \u00faltima inst\u00e2ncia de julgamento italiana, e cujos objetos abrangiam&#8230;<\/p>\n","protected":false},"author":10,"featured_media":0,"parent":7956,"menu_order":0,"comment_status":"closed","ping_status":"closed","template":"","meta":[],"_links":{"self":[{"href":"https:\/\/studiogentiloni.com\/bra\/wp-json\/wp\/v2\/pages\/9785"}],"collection":[{"href":"https:\/\/studiogentiloni.com\/bra\/wp-json\/wp\/v2\/pages"}],"about":[{"href":"https:\/\/studiogentiloni.com\/bra\/wp-json\/wp\/v2\/types\/page"}],"author":[{"embeddable":true,"href":"https:\/\/studiogentiloni.com\/bra\/wp-json\/wp\/v2\/users\/10"}],"replies":[{"embeddable":true,"href":"https:\/\/studiogentiloni.com\/bra\/wp-json\/wp\/v2\/comments?post=9785"}],"version-history":[{"count":2,"href":"https:\/\/studiogentiloni.com\/bra\/wp-json\/wp\/v2\/pages\/9785\/revisions"}],"predecessor-version":[{"id":10479,"href":"https:\/\/studiogentiloni.com\/bra\/wp-json\/wp\/v2\/pages\/9785\/revisions\/10479"}],"up":[{"embeddable":true,"href":"https:\/\/studiogentiloni.com\/bra\/wp-json\/wp\/v2\/pages\/7956"}],"wp:attachment":[{"href":"https:\/\/studiogentiloni.com\/bra\/wp-json\/wp\/v2\/media?parent=9785"}],"curies":[{"name":"wp","href":"https:\/\/api.w.org\/{rel}","templated":true}]}}