{"id":10003,"date":"2016-12-05T11:53:16","date_gmt":"2016-12-05T11:53:16","guid":{"rendered":"http:\/\/studiogentiloni.com\/deu\/?page_id=10003"},"modified":"2017-05-04T17:18:43","modified_gmt":"2017-05-04T17:18:43","slug":"avv-laura-bacchini","status":"publish","type":"page","link":"https:\/\/studiogentiloni.com\/deu\/professionisti\/avv-laura-bacchini\/","title":{"rendered":"RAin Laura Bacchini"},"content":{"rendered":"<p><div class=\"row \"><div class=\"wpv-grid grid-1-3  wpv-first-level first has-background unextended\" style=\"\n\t\t\t\tbackground: url( 'http:\/\/studiogentiloni.com\/deu\/wp-content\/uploads\/2017\/01\/Laura-Bacchini_t.jpg' ) no-repeat center top;\n\t\t\t\tbackground-size: auto;\n\t\t\tpadding-top:400px;padding-bottom:0px\" id=\"wpv-column-b30398c3ad5907b77d1a7e70bf90196a\" ><\/div>\n<div class=\"wpv-grid grid-2-3 add-border wpv-first-level unextended\" style=\"padding-top:20px;padding-bottom:15px\" id=\"wpv-column-0e087839bbb2fd6c3bdb9e5bab722118\" ><div class=\"row \"><div class=\"wpv-grid grid-1-1  first unextended animation-fade-in animated-active\" style=\"padding-top:0px;padding-bottom:0px\" id=\"wpv-column-665a49884e5d06511649ca91763b603f\" ><h4 style=\"padding-left: 20px;\">KONTAKTE<\/h4>\n<p style=\"padding-left: 20px;\"><a id=\"\" class=\"\" title=\"\" href=\" background_repeat=\"><!--Tel: 800-700-6200--><br \/>\n<\/a><a href=\"mailto:m.gentiloni@studiogentiloni.com\">l.bacchini@studiogentiloni.com<\/a><br \/>\n<a href=\"laurabacchini@ordineavvocatiroma.org\">laurabacchini@ordineavvocatiroma.org<\/a><\/p>\n<p style=\"padding-left: 20px;\"><div class=\"push\" style='height:10px'><\/div>\n<h4 style=\"padding-left: 20px;\">KOMPETENZBEREICH<\/h4>\n<p style=\"padding-left: 20px;\"><a href=\"\/deu\/attivita\/patrocinio-in-materia-penale\/\">Verteidigung in Strafsachen \u2192<\/a><br \/>\n<a href=\"\/deu\/attivita\/consulenza-e-prevenzione-del-rischio-reato\/\">Beratung und Pr\u00e4vention des Verbrechensrisikos \u2192<\/a><br \/>\n<a href=\"\/deu\/attivita\/attivita-internazionale\/\">T\u00e4tigkeiten auf internationaler Ebene \u2192<\/a><br \/>\n<div class=\"push\" style='height:10px'><\/div>\n<h4 style=\"padding-left: 20px;\">STUDIUMABSCHL\u00dcSSE UND ZULASSUNGEN<\/h4>\n<ul>\n<ul>\n<li style=\"font-weight: 400;\"><span style=\"font-weight: 400;\">Staatsexamen in Rechtswissenschaften \u2013 Universit\u00e4t &#8220;Roma Tre&#8221; , Rom \u2013 2004<\/span><\/li>\n<li style=\"font-weight: 400;\"><span style=\"font-weight: 400;\">Abschluss des Spezialisierungskurses an der Schule f\u00fcr rechtsbezogene Berufe, Universit\u00e4t &#8220;La Sapienza&#8221;, Rom, 2007<\/span><\/li>\n<li style=\"font-weight: 400;\"><span style=\"font-weight: 400;\">Eintragung in das Anwaltsverzeichnis von Rom\u2013 2008<\/span><\/li>\n<\/ul>\n<\/ul><\/div><\/div><\/div><\/div>\n<div class=\"push\" style='height:50px'><\/div>\n<div class=\"row \"><div class=\"wpv-grid grid-1-1  wpv-first-level first unextended\" style=\"padding-top:0px;padding-bottom:0px\" id=\"wpv-column-af35147906914c95861d5e923f8113bb\" ><h3>DIE ANW\u00c4LTIN<\/h3>\n<p>Sie absolviert ihr klassisches Abitur mit H\u00f6chstnote. W\u00e4hrend ihres Studiums besucht sie im Rahmen des Erasmus-Programms die Wilhelms-Universit\u00e4t in M\u00fcnster (Deutschland), im Jahre 2004 besteht sie ihr Staatsexamen in Rechtswissenschaften an der Universit\u00e4t \u201cRom Tre\u201d in Rom. In den Jahren 2005-2007 besucht sie den Spezialisierungskurs f\u00fcr rechtsbezogene Berufe an der Universit\u00e4t \u201cLa Sapienza\u201d in Rom.<\/p>\n<p>&nbsp;<\/p>\n<div class=\"row \">\n<div id=\"wpv-column-2d683c838b5ebbf00065efaee942c2621\" class=\"wpv-grid grid-1-2 wpv-first-level first unextended\" style=\"padding-top: 0px; padding-bottom: 0px;\">\n<div class=\"row \">\n<div id=\"wpv-column-3b2adab70b4a9bf546b86aa9455bd0e0\" class=\"wpv-grid grid-1-1 first unextended\" style=\"padding-top: 0px; padding-bottom: 0px;\">\n<p>Danach \u00fcbt sie ihre Anwaltst\u00e4tigkeit f\u00fcr diverse namhafte Strafrechtskanzleien aus und erwirbt Erfahrung auf dem Gebiet des Unternehmensstrafrechts und der Unternehmensberatung, insbesondere in Sachen verwaltungsrechtlicher Deliktshaftung<\/p>\n<p>&nbsp;<\/p>\n<\/div>\n<\/div>\n<\/div>\n<div id=\"wpv-column-2fa98330df277d6d016d1927a1bffe5d1\" class=\"wpv-grid grid-1-2 wpv-first-level unextended\" style=\"padding-top: 0px; padding-bottom: 0px;\">\n<div class=\"row \">\n<div id=\"wpv-column-e0ffcb86f315b486c0ddcd2f678eca2d\" class=\"wpv-grid grid-1-1 first unextended\" style=\"padding-top: 0px; padding-bottom: 0px;\">\n<p>Im Laufe ihrer anwaltlichen T\u00e4tigkeit hat sie sich nicht nur eingehend mit dem Konkurs- und Bankstrafrecht, mit Delikten zur Verleumdung durch die Presse und online befasst, sondern sie hat auch besondere Erfahrungen auf dem Gebiet der Verbrechen gegen die \u00f6ffentliche Verwaltung, in Sachen Steuer- und Umweltrecht erworben, wo sie sowohl gerichtlich als auch au\u00dfergerichtlich t\u00e4tig war und Banken, \u00f6ffentliche Beamte, Gebietsk\u00f6rperschaften vertreten und Unternehmen, auch im Zusammenhang mit der \u00dcbernahme und Aktualisierung der in Gesetzesdekret 231\/2001 vorgesehenen Organisations- und Verwaltungsmodelle, beraten hat.<\/p>\n<p>Sie hat an Hochschulkursen zum Europ\u00e4ischen Strafrecht sowie zum deutschen und \u00f6sterreichischen Strafgerichtsbarkeitssystem teilgenommen.<br \/>\nSeit 2008 ist sie Mitglied der Rechtsanwaltskammer Rom.<\/p>\n<\/div>\n<\/div>\n<\/div>\n<\/div>\n<div class=\"push\" style='height:20px'><\/div>\n<h3><\/h3>\n<div class=\"row \">\n<div id=\"wpv-column-2d683c838b5ebbf00065efaee942c2621\" class=\"wpv-grid grid-1-2 wpv-first-level first unextended\" style=\"padding-top: 0px; padding-bottom: 0px;\">\n<div class=\"row \">\n<div id=\"wpv-column-3b2adab70b4a9bf546b86aa9455bd0e0\" class=\"wpv-grid grid-1-1 first unextended\" style=\"padding-top: 0px; padding-bottom: 0px;\">\n<p>&nbsp;<\/p>\n<\/div>\n<\/div>\n<\/div>\n<div id=\"wpv-column-2fa98330df277d6d016d1927a1bffe5d1\" class=\"wpv-grid grid-1-2 wpv-first-level unextended\" style=\"padding-top: 0px; padding-bottom: 0px;\"><\/div>\n<\/div>\n<div class=\"push\" style='height:20px'><\/div>\n<h3>VER\u00d6FFENTLICHUNGEN<\/h3>\n<div class=\"row \">\n<p>Sie ist Autorin der folgenden rechtswissenschaftlichen Ver\u00f6ffentlichungen:<\/p>\n<p>&nbsp;<\/p>\n<p>&#8211; <em>Ambiente e Sicurezza: Sistemi di Gestione e Modelli Organizzativi <\/em>[Umwelt und Sicherheit: Verwaltungssysteme und Organisationsmodelle], 2016, wird in K\u00fcrze in der Zeitschrift \u201eIl lavoro nei trasporti, No-Stop\u201c ver\u00f6ffentlicht;<\/p>\n<p>&#8211; <em>I lavoratori Anas e le nuove norme su omicidio e lesioni colpose stradali <\/em>[Die Angestellten der Autonomen Stra\u00dfenverwaltung (ANAS) und die neuen Vorschriften zur fahrl\u00e4ssigen K\u00f6rperverletzung und T\u00f6tung im Stra\u00dfenverkehr] \u2013 in RGL News, Notiziario della Rivista Giuridica del Lavoro e della Previdenza Sociale, 2016, Nr. 3;<\/p>\n<p>&#8211; Anmerkung zum Urteil des 2. Strafsenats des Kassationsgerichtes vom 18. August 2011, Nr. 32331 &#8211; \u201c<em>L\u2019irreperibilit\u00e0 di chi abbia indicato un\u2019utenza mobile: un ossimoro trascurato!<\/em>\u201d [Die Unauffindbarkeit von Personen, die einen mobile Telefonanschluss angeben: ein au\u00dfer Acht gelassenes Oxymoron!], online ver\u00f6ffentlicht auf\u00a0 \u201cIl diritto per i concorsi\u201d, herausgegeben von F. Caringella;<\/p>\n<p>&#8211;\u00a0 Anmerkung zum Urteil des 3. Strafsenats des Kassationsgerichtes vom 11. Dezember 2008, Nr. 10535&#8243; -\u201c<em>Il sequestro di un forum on line: l\u2019applicazione della legge sulla stampa tutelerebbe la libert\u00e0 di manifestazione del pensiero in Internet<\/em>?\u201d [Die Beschlagnahme eines Online-Forums: W\u00fcrde die Anwendbarkeit des Pressegesetzes die Meinungsfreiheit auf Internet sch\u00fctzen?], ver\u00f6ffentlicht in der Zeitschrift \u201cDiritto dell\u2019Informazione e dell\u2019informatica\u201d, Nr. 3 des Jahres 2009;<\/p>\n<p>&#8211; Anmerkung zum Urteil des 1. Strafsenats des Kassationsgerichtes vom 16. Februar 2007, Nr. 25755 &#8211; \u201c<em>Il sequestro probatorio nei confronti del giornalista non indagato: il problema del bilanciamento di interessi costituzionalmente garantiti ed il rischio di elusione delle tutele<\/em>\u201d [Die Beschlagnahme zu Beweiszwecken bei einem Journalisten, gegen den nicht ermittelt wird: das problematische Gleichgewicht zwischen verfassungsrechtlich garantierten Interessen und dem Risiko der Umgehung von Schutzbestimmungen], ver\u00f6ffentlicht in der Zeitschrift \u201cDiritto dell\u2019Informazione e dell\u2019Informatica\u201d, Nr. 6 des Jahres 2008.<\/p>\n<\/div><\/div><\/div>\n<div class=\"row \"><div class=\"wpv-grid grid-1-1  wpv-first-level first unextended animation-from-bottom animated-active\" style=\"padding-top:15px;padding-bottom:60px\" id=\"wpv-column-5e758819d761e56c83a216aa4a4da76a\" >\t\t<div class=\"sep-text single centered\">\n\t\t\t\t\t\t\t<span class=\"sep-text-before\"><div class=\"sep-text-line\"><\/div><\/span>\n\t\t\t\t\t\t<div class=\"content\">\n\t\t\t\t<h2 class=\"text-divider-double\">Mit dem Anwalt Kontakt aufnehmen<\/h2>\t\t\t<\/div>\n\t\t\t<span class=\"sep-text-after\"><div class=\"sep-text-line\"><\/div><\/span>\n\t\t\t\t\t<\/div>\n\t<div class=\"push\" style='height:10px'><\/div>\n<div class=\"row \"><div class=\"wpv-grid grid-1-1  first unextended\" style=\"padding-top:0px;padding-bottom:0px\" id=\"wpv-column-ce5bedb16c6184222c25c0060aa083c9\" ><p><div role=\"form\" class=\"wpcf7\" id=\"wpcf7-f10555-o1\" lang=\"en-US\" dir=\"ltr\">\n<div class=\"screen-reader-response\"><p role=\"status\" aria-live=\"polite\" aria-atomic=\"true\"><\/p> <ul><\/ul><\/div>\n<form action=\"\/deu\/wp-json\/wp\/v2\/pages\/10003#wpcf7-f10555-o1\" method=\"post\" class=\"wpcf7-form init\" novalidate=\"novalidate\" data-status=\"init\">\n<div style=\"display: none;\">\n<input type=\"hidden\" name=\"_wpcf7\" value=\"10555\" \/>\n<input type=\"hidden\" name=\"_wpcf7_version\" value=\"5.5.6\" \/>\n<input type=\"hidden\" name=\"_wpcf7_locale\" value=\"en_US\" \/>\n<input type=\"hidden\" name=\"_wpcf7_unit_tag\" value=\"wpcf7-f10555-o1\" \/>\n<input type=\"hidden\" name=\"_wpcf7_container_post\" value=\"0\" \/>\n<input type=\"hidden\" name=\"_wpcf7_posted_data_hash\" value=\"\" \/>\n<\/div>\n<div class=\"vamtam-rsvp-form\">\n<div class=\"row\">\n<div class=\"grid-1-3\">\n\t\t\t<span class=\"wpcf7-form-control-wrap yname\"><input type=\"text\" name=\"yname\" value=\"\" size=\"40\" class=\"wpcf7-form-control wpcf7-text wpcf7-validates-as-required\" id=\"name\" aria-required=\"true\" aria-invalid=\"false\" placeholder=\"Name\" \/><\/span>\n\t\t<\/div>\n<div class=\"grid-1-3\">\n\t\t\t<span class=\"wpcf7-form-control-wrap Phone\"><input type=\"text\" name=\"Phone\" value=\"\" size=\"40\" class=\"wpcf7-form-control wpcf7-text\" id=\"Phone\" aria-invalid=\"false\" placeholder=\"Telefon (fakoltativ)\" \/><\/span>\n\t\t<\/div>\n<div class=\"grid-1-3\">\n\t\t\t<span class=\"wpcf7-form-control-wrap email-534\"><input type=\"email\" name=\"email-534\" value=\"\" size=\"40\" class=\"wpcf7-form-control wpcf7-text wpcf7-email wpcf7-validates-as-required wpcf7-validates-as-email\" id=\"email\" aria-required=\"true\" aria-invalid=\"false\" placeholder=\"Email\" \/><\/span><\/p>\n<\/div>\n<div class=\"grid-1-1\">\n\t\t\t<span class=\"wpcf7-form-control-wrap our-message\"><textarea name=\"our-message\" cols=\"40\" rows=\"5\" class=\"wpcf7-form-control wpcf7-textarea wpcf7-validates-as-required\" id=\"message\" aria-required=\"true\" aria-invalid=\"false\" placeholder=\"Beschreibung\"><\/textarea><\/span>\n\t\t<\/div>\n<\/div>\n<div style= \"text-align: center;\"><input type=\"submit\" value=\"Formular absenden \u2192\" class=\"wpcf7-form-control has-spinner wpcf7-submit\" \/><\/div>\n<\/div>\n<div class=\"wpcf7-response-output\" aria-hidden=\"true\"><\/div><\/form><\/div><\/div><\/div><\/div><\/div><\/p>","protected":false},"excerpt":{"rendered":"<p>KONTAKTE l.bacchini@studiogentiloni.com laurabacchini@ordineavvocatiroma.org KOMPETENZBEREICH Verteidigung in Strafsachen \u2192 Beratung und Pr\u00e4vention des Verbrechensrisikos \u2192 T\u00e4tigkeiten auf internationaler Ebene \u2192 STUDIUMABSCHL\u00dcSSE UND ZULASSUNGEN Staatsexamen in Rechtswissenschaften \u2013 Universit\u00e4t &#8220;Roma Tre&#8221; , Rom \u2013 2004 Abschluss des Spezialisierungskurses an der Schule f\u00fcr rechtsbezogene Berufe, Universit\u00e4t &#8220;La Sapienza&#8221;, Rom, 2007 Eintragung in das Anwaltsverzeichnis von Rom\u2013 2008 [\/column_1]&#8230;<\/p>\n","protected":false},"author":7,"featured_media":0,"parent":7774,"menu_order":0,"comment_status":"closed","ping_status":"closed","template":"","meta":[],"_links":{"self":[{"href":"https:\/\/studiogentiloni.com\/deu\/wp-json\/wp\/v2\/pages\/10003"}],"collection":[{"href":"https:\/\/studiogentiloni.com\/deu\/wp-json\/wp\/v2\/pages"}],"about":[{"href":"https:\/\/studiogentiloni.com\/deu\/wp-json\/wp\/v2\/types\/page"}],"author":[{"embeddable":true,"href":"https:\/\/studiogentiloni.com\/deu\/wp-json\/wp\/v2\/users\/7"}],"replies":[{"embeddable":true,"href":"https:\/\/studiogentiloni.com\/deu\/wp-json\/wp\/v2\/comments?post=10003"}],"version-history":[{"count":8,"href":"https:\/\/studiogentiloni.com\/deu\/wp-json\/wp\/v2\/pages\/10003\/revisions"}],"predecessor-version":[{"id":10564,"href":"https:\/\/studiogentiloni.com\/deu\/wp-json\/wp\/v2\/pages\/10003\/revisions\/10564"}],"up":[{"embeddable":true,"href":"https:\/\/studiogentiloni.com\/deu\/wp-json\/wp\/v2\/pages\/7774"}],"wp:attachment":[{"href":"https:\/\/studiogentiloni.com\/deu\/wp-json\/wp\/v2\/media?parent=10003"}],"curies":[{"name":"wp","href":"https:\/\/api.w.org\/{rel}","templated":true}]}}