{"id":8024,"date":"2014-07-04T23:25:06","date_gmt":"2014-07-04T23:25:06","guid":{"rendered":"http:\/\/lawyers-attorneys.vamtam.com\/?page_id=8024"},"modified":"2017-03-20T12:20:37","modified_gmt":"2017-03-20T12:20:37","slug":"link","status":"publish","type":"page","link":"https:\/\/studiogentiloni.com\/deu\/link\/","title":{"rendered":"N\u00dcTZLICHE LINKS"},"content":{"rendered":"\t\t<h2 class=\"text-divider-double\">\t\t\t\nF\u00fcr eine korrekte Kenntnis des Rechts.\t\t<\/h2>\t\t<div class=\"sep\"><\/div>\t\n<div class=\"push\" style='height:10px'><\/div>\n<div class=\"row \"><div class=\"wpv-grid grid-5-6  wpv-first-level first unextended\" style=\"padding-top:0px;padding-bottom:0px\" id=\"wpv-column-5820023093536af8797bc3941fbb6861\" ><h3>Website des Consiglio Nazionale Forense [Nationaler Rat der Rechtsanw\u00e4lte]<\/h3>\n<div class=\"push\" style='height:20px'><\/div>\n<p><a href=\"http:\/\/www.consiglionazionaleforense.it\/\" target=\"_blank\">www.consiglionazionaleforense.it<\/a><\/div><\/div>\n<div class=\"sep-3\"><\/div>\n<div class=\"row \"><div class=\"wpv-grid grid-5-6  wpv-first-level first unextended\" style=\"padding-top:0px;padding-bottom:0px\" id=\"wpv-column-cf7acbe2a902871191bb6cbfe3b6b42b\" ><h3>Consiglio dell&#8217;Ordine degli Avvocati , Rom [Rechtsanwaltskammer Rom]<\/h3>\n<div class=\"push\" style='height:20px'><\/div>\n<h3><\/h3>\n<p><a href=\"http:\/\/www.ordineavvocati.roma.it\/NotizieOrdine\/Notizie.asp\" target=\"_blank\">www.ordineavvocati.roma.it<\/a><\/div><\/div>\n<div class=\"sep-3\"><\/div>\n<div class=\"row \"><div class=\"wpv-grid grid-5-6  wpv-first-level first unextended\" style=\"padding-top:0px;padding-bottom:0px\" id=\"wpv-column-6feaa4b0882a1049a8b4b0c4f68ad02b\" ><h3>Website der italienischen Strafkammern<\/h3>\n<div class=\"push\" style='height:20px'><\/div>\n<h3><\/h3>\n<p><a href=\"http:\/\/www.camerepenali.it\" target=\"_blank\">www.camerepenali.it<\/a><\/div><\/div>\n<div class=\"sep-3\"><\/div>\n<div class=\"row \"><div class=\"wpv-grid grid-5-6  wpv-first-level first unextended\" style=\"padding-top:0px;padding-bottom:0px\" id=\"wpv-column-3c43184c7161e0af4927f846a6241a57\" ><h3>Homepage der Cassa Nazionale Forense [Staatliche Vorsorgekasse f\u00fcr Rechtsanw\u00e4lte]<\/h3>\n<div class=\"push\" style='height:20px'><\/div>\n<h3><\/h3>\n<p><a href=\"http:\/\/www.cassaforense.it\/\" target=\"_blank\">www.cassaforense.it<\/a><\/div><\/div>\n<div class=\"sep-3\"><\/div>\n<div class=\"row \"><div class=\"wpv-grid grid-5-6  wpv-first-level first unextended\" style=\"padding-top:0px;padding-bottom:0px\" id=\"wpv-column-a5c445ea26c558d0c6be06c356a57e39\" ><h3>Praecepta \u2013 Vorbereitungskurs auf das Staatsexamen zum Rechtsanwalt <\/h3>\n<div class=\"push\" style='height:20px'><\/div>\n<h3><\/h3>\n<p><a href=\"http:\/\/www.praecepta.it\/\" target=\"_blank\">www.praecepta.it<\/a><\/div><\/div>\n<div class=\"sep-3\"><\/div>\n<div class=\"row \"><div class=\"wpv-grid grid-5-6  wpv-first-level first unextended\" style=\"padding-top:0px;padding-bottom:0px\" id=\"wpv-column-76b9ba4b6214fb644ffe0ef093af0797\" ><h3>Offizielle Website des Justizministeriums <\/h3>\n<div class=\"push\" style='height:20px'><\/div>\n<h3><\/h3>\n<p><a href=\"http:\/\/www.giustizia.it\/\" target=\"_blank\">www.giustizia.it<\/a><\/div><\/div>\n<div class=\"sep-3\"><\/div>\n<div class=\"row \"><div class=\"wpv-grid grid-1-1  wpv-first-level first unextended\" style=\"padding-top:0px;padding-bottom:0px\" id=\"wpv-column-cd8a217ca1232d2898d8b85ab6e4cdca\" ><p>&nbsp;<\/div><\/div>\n<div class=\"row \"><div class=\"wpv-grid grid-5-6  wpv-first-level first unextended\" style=\"padding-top:0px;padding-bottom:0px\" id=\"wpv-column-5f9f1b7ef021e806ee426f5d2e15e6e7\" ><h3>Giustizia Map: f\u00fcr die Suche nach den f\u00fcr die jeweilige Gemeinde zust\u00e4ndigen Gerichten<\/h3>\n<div class=\"push\" style='height:20px'><\/div>\n<h3><\/h3>\n<p><a href=\"https:\/\/www.giustizia.it\/giustizia\/en\/mg_4.wp\" target=\"_blank\">www.giustizia.it\/giustizia\/en\/mg_4.wp<\/a><\/div><\/div>\n<div class=\"sep-3\"><\/div>\n<div class=\"row \"><div class=\"wpv-grid grid-5-6  wpv-first-level first unextended\" style=\"padding-top:0px;padding-bottom:0px\" id=\"wpv-column-3c7595b29cd6a1562efef7dcc055baa4\" ><h3>Italienische Zeitung f\u00fcr Rechtswissenschaft und Strafrechtslehre<\/h3>\n<div class=\"push\" style='height:20px'><\/div>\n<h3><\/h3>\n<p><a href=\"http:\/\/www.penalecontemporaneo.it\/\" target=\"_blank\">www.penalecontemporaneo.it<\/a><\/div><\/div>\n<div class=\"sep-3\"><\/div>\n<div class=\"row \"><div class=\"wpv-grid grid-5-6  wpv-first-level first unextended\" style=\"padding-top:0px;padding-bottom:0px\" id=\"wpv-column-6bc76374f940e9e54a20b88254f1d6bd\" ><h3>Offizielle Website des Europ\u00e4ischen Gerichtshofes f\u00fcr Menschenrechte<\/h3>\n<div class=\"push\" style='height:20px'><\/div>\n<h3><\/h3>\n<p>The website can be reached at the address\u00a0<a href=\"http:\/\/www.echr.coe.int\/\" target=\"_blank\">www.echr.coe.int<\/a><\/div><\/div>\n<div class=\"sep-3\"><\/div>\n<div class=\"row \"><div class=\"wpv-grid grid-5-6  wpv-first-level first unextended\" style=\"padding-top:0px;padding-bottom:0px\" id=\"wpv-column-a6b00bbb1d3738cdd840e731ec7d8d26\" ><h3>Offizielle Datenbank der Urteile des Europ\u00e4ischen Gerichtshofes f\u00fcr Menschenrechte<\/h3>\n<div class=\"push\" style='height:20px'><\/div>\n<h3><\/h3>\n<p><a href=\"http:\/\/hudoc.echr.coe.int\/eng\" target=\"_blank\">http:\/\/hudoc.echr.coe.int\/eng<\/a><\/div><\/div>\n<div class=\"sep-3\"><\/div>\n<div class=\"row \"><div class=\"wpv-grid grid-5-6  wpv-first-level first unextended\" style=\"padding-top:0px;padding-bottom:0px\" id=\"wpv-column-d2b52b3c5134b7cab269653c7c18e67e\" ><h3>Offizielles Portal der Europ\u00e4ischen Union<\/h3>\n<div class=\"push\" style='height:20px'><\/div>\n<h3><\/h3>\n<p><a href=\"http:\/\/europa.eu\/\" target=\"_blank\">europa.eu<\/a><\/div><\/div>\n<div class=\"sep-3\"><\/div>\n<div class=\"row \"><div class=\"wpv-grid grid-5-6  wpv-first-level first unextended\" style=\"padding-top:0px;padding-bottom:0px\" id=\"wpv-column-18b781d1a04e8cc171f9a53cd4e7cb28\" ><h3>Offizielle Website des italienischen Verfassungsgerichtes <\/h3>\n<div class=\"push\" style='height:20px'><\/div>\n<h3><\/h3>\n<p><a href=\"http:\/\/www.cortecostituzionale.it\/default.do\" target=\"_blank\">www.cortecostituzionale.it\/default.do<\/a><\/div><\/div>\n<div class=\"sep-3\"><\/div>\n<div class=\"row \"><div class=\"wpv-grid grid-5-6  wpv-first-level first unextended\" style=\"padding-top:0px;padding-bottom:0px\" id=\"wpv-column-38dd4f5da3f7970d86ab58682fee3149\" ><h3>Offizielle Website des obersten italienischen Kassationsgerichtes<\/h3>\n<div class=\"push\" style='height:20px'><\/div>\n<h3><\/h3>\n<p><a href=\"http:\/\/www.cassazione.it\/\" target=\"_blank\">www.cassazione.it<\/a><\/div><\/div>\n<div class=\"sep-3\"><\/div>\n<div class=\"row \"><div class=\"wpv-grid grid-5-6  wpv-first-level first unextended\" style=\"padding-top:0px;padding-bottom:0px\" id=\"wpv-column-86671a4b1718c9bd94917ddacbc8edf0\" ><h3>Offizielle Website des Gerichtshofes der Europ\u00e4ischen Union<\/h3>\n<div class=\"push\" style='height:20px'><\/div>\n<h3><\/h3>\n<p><a href=\"http:\/\/www.curia.eu\/\" target=\"_blank\">http:\/\/www.curia.eu\/<\/a><\/div><\/div>\n<div class=\"sep-3\"><\/div>\n<div class=\"row \"><div class=\"wpv-grid grid-5-6  wpv-first-level first unextended\" style=\"padding-top:0px;padding-bottom:0px\" id=\"wpv-column-66766f29564d8c2d96ab0663d6c737f9\" ><h3>Datenbank der z. Zt. in Italien geltenden internationalen Abkommen<\/h3>\n<div class=\"push\" style='height:20px'><\/div>\n<h3><\/h3>\n<p><a href=\"http:\/\/itra.esteri.it\/\" target=\"_blank\">itra.esteri.it<\/a><\/div><\/div>\n<div class=\"row \"><div class=\"wpv-grid grid-1-1  wpv-first-level first unextended\" style=\"padding-top:0px;padding-bottom:0px\" id=\"wpv-column-a5e61540524fd3da4e2d7d4ca49fca2c\" ><p>&nbsp;<\/div><\/div>\n<div class=\"push\" style='height:120px'><\/div>\n","protected":false},"excerpt":{"rendered":"<p>Website des Consiglio Nazionale Forense [Nationaler Rat der Rechtsanw\u00e4lte] www.consiglionazionaleforense.it Consiglio dell&#8217;Ordine degli Avvocati , Rom [Rechtsanwaltskammer Rom] www.ordineavvocati.roma.it Website der italienischen Strafkammern www.camerepenali.it Homepage der Cassa Nazionale Forense [Staatliche Vorsorgekasse f\u00fcr Rechtsanw\u00e4lte] www.cassaforense.it Praecepta \u2013 Vorbereitungskurs auf das Staatsexamen zum Rechtsanwalt www.praecepta.it Offizielle Website des Justizministeriums www.giustizia.it &nbsp; Giustizia Map: f\u00fcr die Suche nach&#8230;<\/p>\n","protected":false},"author":7,"featured_media":0,"parent":0,"menu_order":0,"comment_status":"closed","ping_status":"closed","template":"","meta":[],"_links":{"self":[{"href":"https:\/\/studiogentiloni.com\/deu\/wp-json\/wp\/v2\/pages\/8024"}],"collection":[{"href":"https:\/\/studiogentiloni.com\/deu\/wp-json\/wp\/v2\/pages"}],"about":[{"href":"https:\/\/studiogentiloni.com\/deu\/wp-json\/wp\/v2\/types\/page"}],"author":[{"embeddable":true,"href":"https:\/\/studiogentiloni.com\/deu\/wp-json\/wp\/v2\/users\/7"}],"replies":[{"embeddable":true,"href":"https:\/\/studiogentiloni.com\/deu\/wp-json\/wp\/v2\/comments?post=8024"}],"version-history":[{"count":2,"href":"https:\/\/studiogentiloni.com\/deu\/wp-json\/wp\/v2\/pages\/8024\/revisions"}],"predecessor-version":[{"id":10525,"href":"https:\/\/studiogentiloni.com\/deu\/wp-json\/wp\/v2\/pages\/8024\/revisions\/10525"}],"wp:attachment":[{"href":"https:\/\/studiogentiloni.com\/deu\/wp-json\/wp\/v2\/media?parent=8024"}],"curies":[{"name":"wp","href":"https:\/\/api.w.org\/{rel}","templated":true}]}}