{"id":9847,"date":"2016-10-27T14:22:06","date_gmt":"2016-10-27T14:22:06","guid":{"rendered":"http:\/\/studiogentiloni.com\/deu\/?page_id=9847"},"modified":"2017-02-13T05:32:35","modified_gmt":"2017-02-13T05:32:35","slug":"attivita-internazionale","status":"publish","type":"page","link":"https:\/\/studiogentiloni.com\/deu\/attivita\/attivita-internazionale\/","title":{"rendered":"T\u00e4tigkeiten auf internationaler Ebene"},"content":{"rendered":"<p><div class=\"push\" style='height:80px'><\/div>\n<div class=\"row \"><div class=\"wpv-grid grid-1-1  first unextended\" style=\"padding-top:0px;padding-bottom:0px\" id=\"wpv-column-5046326dac2132e0b2408851f98311f4\" ><p><span style=\"font-size: large !important;\">Seit ihrer Gr\u00fcndung hat sich die Kanzlei um die internationalen Aspekte des Strafrechts gek\u00fcmmert und ist dadurch heute in Italien f\u00fchrend in den Bereichen des internationalen Strafrechts und der Auslieferung. Wir vertreten unsere Klienten st\u00e4ndig auf Italienisch, Englisch, Franz\u00f6sisch, Deutsch, Spanisch und Portugiesisch, und im Bereich der Strafverteidigung sind wir gem\u00e4\u00df der geltenden europ\u00e4ischen und internationalen Abkommen t\u00e4tig. <\/span><\/div><\/div>\n<div class=\"row \"><div class=\"wpv-grid grid-1-2  wpv-first-level first unextended\" style=\"padding-top:0px;padding-bottom:0px\" id=\"wpv-column-afb5289dcb002127c342dd661b33a4f6\" ><p><span style=\"font-weight: 400;\">Im Laufe unserer 35j\u00e4hrigen T\u00e4tigkeit konnten wir umfangreiche Erfahrungen in zahlreichen, aktiven und passiven, Auslieferungsverfahren sammeln, die sowohl europ\u00e4ische als auch au\u00dfereurop\u00e4ische L\u00e4nder betrafen; das gleiche gilt f\u00fcr Verfahren zum Europ\u00e4ischen Haftbefehl.  Wir verf\u00fcgen \u00fcber h\u00f6chst spezifische Kompetenzen in der Auslegung und der Anwendung des Europ\u00e4ischen Auslieferungs\u00fcbereinkommens und der zwischen Italien und anderen L\u00e4ndern bestehenden bilateralen \u00dcbereinkommen. Dank dieser hohen Spezialisierung in diesem Bereich haben wir das Vertrauen ausl\u00e4ndischer Botschaften in Italien und italienischer Botschaften im Ausland sowie das von den Regierungen einiger wichtiger L\u00e4nder gewonnen, die uns mit der Vertretung ihrer Interessen vor den italienischen Gerichtsbeh\u00f6rden im Rahmen von Auslieferungsprozessen, internationalen Rechtshilfeersuchen, gegenseitigem Rechtsbeistand in Strafrechtsangelegenheiten und der \u00dcberstellung verurteilter Personen beauftragt haben.<\/span><\/p>\n<p><span style=\"font-weight: 400;\">Die Kanzlei hat ebenfalls besondere Kompetenzen in der Vorbereitung und Er\u00f6rterung von Berufungsklagen vor dem Europ\u00e4ischen Gerichtshof f\u00fcr die Menschenrechte in Stra\u00dfburg erworben, sowohl gegen die Italienische Republik als auch gegen andere, an dem \u00dcbereinkommen teilnehmende L\u00e4nder, in Sachen, welche die unangemessene Dauer von Strafrechtsverfahren, die Unbilligkeit derselben, die italienischen verfahrensrechtlichen Institutionen, die nicht mit dem \u00dcbereinkommen vereinbar sind, die Qualit\u00e4t der Haftbedingungen, die Rechtm\u00e4\u00dfigkeit von in der allgemeinen Gesetzgebung und den Anti-Mafia-Vorschriften vorgesehenen Eigentumsenteignungsma\u00dfnahmen betreffen, und auch in Dringlichkeitsverfahren zum Verbot der Abschiebung. .<\/span><\/div>\n<div class=\"wpv-grid grid-1-2  wpv-first-level unextended\" style=\"padding-top:0px;padding-bottom:0px\" id=\"wpv-column-fa29280e41e22e3dd19001a010dcef4e\" ><p><span style=\"font-weight: 400;\">Wir vertreten ausl\u00e4ndische Personen, die in Italien in Strafverfahren verwickelt sind, sowie italienische Staatsb\u00fcrger im Ausland; hierbei garantieren wir eine Abstimmung und Erg\u00e4nzung unserer Verteidigungst\u00e4tigkeiten mit den Fachleuten vor Ort und dem italienischen diplomatischen und konsularischen Netz und wir nehmen pers\u00f6nlich an den Verhandlungen vor den ausl\u00e4ndischen Gerichten teil. Dank der Organisationsstruktur unserer Kanzlei und einem Netz ausl\u00e4ndischer Rechtsanwaltskanzleien, die in diesen Sachen hochspezialisiert sind, k\u00f6nnen wir Personen in der ganzen Welt rechtlich vertreten, die entweder auf eine Auslieferung nach Italien warten oder die ihre \u00dcberf\u00fchrung nach Italien beantragt haben, um dort ihre Strafe zu verb\u00fc\u00dfen oder die in ein  Untersuchungsverfahren verwickelt sind oder denen eine wie auch immer geartete Freiheitsbeschr\u00e4nkung auferlegt worden ist<\/span><\/div><\/div>\n<div class=\"push\" style='height:80px'><\/div><\/p>","protected":false},"excerpt":{"rendered":"<p>Seit ihrer Gr\u00fcndung hat sich die Kanzlei um die internationalen Aspekte des Strafrechts gek\u00fcmmert und ist dadurch heute in Italien f\u00fchrend in den Bereichen des internationalen Strafrechts und der Auslieferung. Wir vertreten unsere Klienten st\u00e4ndig auf Italienisch, Englisch, Franz\u00f6sisch, Deutsch, Spanisch und Portugiesisch, und im Bereich der Strafverteidigung sind wir gem\u00e4\u00df der geltenden europ\u00e4ischen und&#8230;<\/p>\n","protected":false},"author":7,"featured_media":0,"parent":7956,"menu_order":0,"comment_status":"closed","ping_status":"closed","template":"","meta":[],"_links":{"self":[{"href":"https:\/\/studiogentiloni.com\/deu\/wp-json\/wp\/v2\/pages\/9847"}],"collection":[{"href":"https:\/\/studiogentiloni.com\/deu\/wp-json\/wp\/v2\/pages"}],"about":[{"href":"https:\/\/studiogentiloni.com\/deu\/wp-json\/wp\/v2\/types\/page"}],"author":[{"embeddable":true,"href":"https:\/\/studiogentiloni.com\/deu\/wp-json\/wp\/v2\/users\/7"}],"replies":[{"embeddable":true,"href":"https:\/\/studiogentiloni.com\/deu\/wp-json\/wp\/v2\/comments?post=9847"}],"version-history":[{"count":1,"href":"https:\/\/studiogentiloni.com\/deu\/wp-json\/wp\/v2\/pages\/9847\/revisions"}],"predecessor-version":[{"id":10480,"href":"https:\/\/studiogentiloni.com\/deu\/wp-json\/wp\/v2\/pages\/9847\/revisions\/10480"}],"up":[{"embeddable":true,"href":"https:\/\/studiogentiloni.com\/deu\/wp-json\/wp\/v2\/pages\/7956"}],"wp:attachment":[{"href":"https:\/\/studiogentiloni.com\/deu\/wp-json\/wp\/v2\/media?parent=9847"}],"curies":[{"name":"wp","href":"https:\/\/api.w.org\/{rel}","templated":true}]}}