{"id":10003,"date":"2016-12-05T11:53:16","date_gmt":"2016-12-05T11:53:16","guid":{"rendered":"http:\/\/studiogentiloni.com\/esp\/?page_id=10003"},"modified":"2017-05-04T09:05:23","modified_gmt":"2017-05-04T09:05:23","slug":"avv-laura-bacchini","status":"publish","type":"page","link":"https:\/\/studiogentiloni.com\/esp\/professionisti\/avv-laura-bacchini\/","title":{"rendered":"Abg. Laura Bacchini"},"content":{"rendered":"<p><div class=\"row \"><div class=\"wpv-grid grid-1-3  wpv-first-level first has-background unextended\" style=\"\n\t\t\t\tbackground: url( 'http:\/\/studiogentiloni.com\/esp\/wp-content\/uploads\/2017\/01\/Laura-Bacchini_t.jpg' ) no-repeat center top;\n\t\t\t\tbackground-size: auto;\n\t\t\tpadding-top:400px;padding-bottom:0px\" id=\"wpv-column-0e8a201931cf4466c78f5ba00e90553c\" ><\/div>\n<div class=\"wpv-grid grid-2-3 add-border wpv-first-level unextended\" style=\"padding-top:20px;padding-bottom:15px\" id=\"wpv-column-94483731ac0e8445b70fb07e682b43a0\" ><div class=\"row \"><div class=\"wpv-grid grid-1-1  first unextended animation-fade-in animated-active\" style=\"padding-top:0px;padding-bottom:0px\" id=\"wpv-column-3b497faeb90a41be1a4ed6df1b458eac\" ><h4 style=\"padding-left: 20px;\">CONTACTOS<\/h4>\n<p style=\"padding-left: 20px;\"><a id=\"\" class=\"\" title=\"\" href=\" background_repeat=\"><!--Tel: 800-700-6200--><br \/>\n<\/a><a href=\"mailto:m.gentiloni@studiogentiloni.com\">l.bacchini@studiogentiloni.com<\/a><br \/>\n<a href=\"laurabacchini@ordineavvocatiroma.org\">laurabacchini@ordineavvocatiroma.org<\/a><\/p>\n<p style=\"padding-left: 20px;\"><div class=\"push\" style='height:10px'><\/div>\n<h4 style=\"padding-left: 20px;\">AREA DE COMPETENCIA<\/h4>\n<p style=\"padding-left: 20px;\"><a href=\"\/esp\/attivitapatrocinio-in-materia-penale\/\">Defensa en juicio \u2192<\/a><br \/>\n<a href=\"\/esp\/attivitaconsulenza-e-prevenzione-del-rischio-reato\/\">Asesoramiento \u2192<\/a><br \/>\n<a href=\"\/esp\/attivitaattivita-internazionale\/\">Internacionalidad \u2192<\/a><br \/>\n<div class=\"push\" style='height:10px'><\/div>\n<h4 style=\"padding-left: 20px;\">EDUCACI\u00d3N Y T\u00cdTULOS<\/h4>\n<ul>\n<li style=\"list-style-type: none;\">\n<ul>\n<li>Licenciatura en Derecho \u2013 Universidad \u201cRoma Tre\u201d de Roma \u2013 2004<\/li>\n<li>Diploma de Especializaci\u00f3n \u2013 Escuela de Especializaci\u00f3n para las Profesiones Legales \u2013 Universidad \u201cLa Sapienza\u201d de Roma \u2013 2007<\/li>\n<li>Inscripci\u00f3n al Colegio de Abogados de Roma \u2013 2008<\/li>\n<\/ul>\n<\/li>\n<\/ul><\/div><\/div><\/div><\/div>\n<div class=\"push\" style='height:50px'><\/div>\n<div class=\"row \"><div class=\"wpv-grid grid-1-1  wpv-first-level first unextended\" style=\"padding-top:0px;padding-bottom:0px\" id=\"wpv-column-32a54a56c4ea253277492b77cf4bc613\" ><h3>EL ABOGADO<\/h3>\n<div class=\"row \">\n<div id=\"wpv-column-2d683c838b5ebbf00065efaee942c2621\" class=\"wpv-grid grid-1-2 wpv-first-level first unextended\" style=\"padding-top: 0px; padding-bottom: 0px;\">\n<div class=\"row \">\n<div id=\"wpv-column-3b2adab70b4a9bf546b86aa9455bd0e0\" class=\"wpv-grid grid-1-1 first unextended\" style=\"padding-top: 0px; padding-bottom: 0px;\">\n<p>Obtuvo el Bachillerato de letras con honores. Despu\u00e9s de haber participado en el Proyecto Erasmus en la Wilhelms &#8211; Universit\u00e4t di M\u00fcnster (Alemania), en 2004 se gradu\u00f3 en Derecho por la Universidad \u201cRoma Tre\u201d de Roma. En el bienio 2005-2007 estudi\u00f3 en la Escuela de Especializaci\u00f3n en Profesiones Legales de la Universidad \u201cLa Sapienza\u201d de Roma.<\/p>\n<\/div>\n<\/div>\n<\/div>\n<div id=\"wpv-column-2fa98330df277d6d016d1927a1bffe5d1\" class=\"wpv-grid grid-1-2 wpv-first-level unextended\" style=\"padding-top: 0px; padding-bottom: 0px;\">\n<div class=\"row \">\n<div id=\"wpv-column-e0ffcb86f315b486c0ddcd2f678eca2d\" class=\"wpv-grid grid-1-1 first unextended\" style=\"padding-top: 0px; padding-bottom: 0px;\">\n<p>Finaliz\u00f3 la pr\u00e1ctica y ejerci\u00f3 su abogac\u00eda en prestigiosos bufetes de abogados de Derecho penal, adquiriendo experiencia en el sector del Derecho penal de empresa y del asesoramiento empresarial, en especial en temas de responsabilidad administrativa por delito.<\/p>\n<\/div>\n<\/div>\n<\/div>\n<\/div>\n<div class=\"push\" style='height:20px'><\/div>\n<h3><\/h3>\n<div class=\"row \">\n<div id=\"wpv-column-2d683c838b5ebbf00065efaee942c2621\" class=\"wpv-grid grid-1-2 wpv-first-level first unextended\" style=\"padding-top: 0px; padding-bottom: 0px;\">\n<div class=\"row \">\n<div id=\"wpv-column-3b2adab70b4a9bf546b86aa9455bd0e0\" class=\"wpv-grid grid-1-1 first unextended\" style=\"padding-top: 0px; padding-bottom: 0px;\">\n<p>En el curso de la actividad profesional, adem\u00e1s de mejorar el conocimiento del Derecho concursal y bancario, del delito por difamaci\u00f3n mediante la prensa y on line, ha adquirido una experiencia especial en el \u00e1mbito de los delitos contra la administraci\u00f3n p\u00fablica, en delito fiscal y del medio ambiente, llevando a cabo actividades extrajudiciales y judiciales mediante la defensa de bancos, funcionarios p\u00fablicos, autoridades locales, y tambi\u00e9n brindando asesoramiento a empresas, incluso en relaci\u00f3n con la adopci\u00f3n y actualizaci\u00f3n de los Modelos de Organizaci\u00f3n y Gesti\u00f3n previstos por el Decreto Legislativo 231\/2001<\/p>\n<\/div>\n<\/div>\n<\/div>\n<div id=\"wpv-column-2fa98330df277d6d016d1927a1bffe5d1\" class=\"wpv-grid grid-1-2 wpv-first-level unextended\" style=\"padding-top: 0px; padding-bottom: 0px;\">\n<div class=\"row \">\n<div id=\"wpv-column-e0ffcb86f315b486c0ddcd2f678eca2d\" class=\"wpv-grid grid-1-1 first unextended\" style=\"padding-top: 0px; padding-bottom: 0px;\">\n<p>Particip\u00f3 en Cursos de Alta formaci\u00f3n en Derecho penal Europeo y del sistema de justicia penal alem\u00e1n y austriaco.<\/p>\n<p>Es miembro del Colegio de Abogados de Roma desde 2008.<\/p>\n<\/div>\n<\/div>\n<\/div>\n<\/div>\n<div class=\"push\" style='height:20px'><\/div>\n<h3>PUBLICACIONES<\/h3>\n<div class=\"row \">\n<p>Es miembro del Colegio de Abogados de Roma desde 2008.<\/p>\n<p>Es autora de las siguientes <strong>publicaciones<\/strong> de car\u00e1cter cient\u00edfico:<\/p>\n<p>&#8211; <em>Ambiente e Sicurezza: Sistemi di Gestione e Modelli Organizzativi<\/em>, 2016, en fase de publicaci\u00f3n en la revista \u201cIl lavoro nei trasporti\u201d, No-Stop;<\/p>\n<p>&#8211; <em>I lavoratori Anas e le nuove norme su omicidio e lesioni colpose stradali<\/em> \u2013 en RGL News, \u201cNotiziario della Rivista Giuridica del Lavoro e della Previdenza Sociale\u201d, 2016, n. 3;<\/p>\n<p>-Nota a la sentencia &#8211; Cass. pen. Sez. II \u2013 18 de agosto de 2011, n\u00fam. 32331 &#8211; \u201c<em>L\u2019irreperibilit\u00e0 di chi abbia indicato un\u2019utenza mobile: un ossimoro trascurato!<\/em>\u201d, publicado <em>on line<\/em> en \u201cIl diritto per i concorsi\u201d, a cargo de F. Caringella;<\/p>\n<p>-Nota a la sentencia &#8211; Cass. pen. Sez. III \u2013 11 de diciembre de 2008, n\u00fam. 10535&#8243; -\u201c<em>Il sequestro di un forum on line: l\u2019applicazione della legge sulla stampa tutelerebbe la libert\u00e0 di manifestazione del pensiero in Internet?<\/em>\u201d publicado en la revista \u201cDiritto dell\u2019Informazione e dell\u2019informatica\u201d, n\u00fam. 3 del 2009;<\/p>\n<p>-Nota a la sentencia &#8211; Cass. pen. Sez. I \u2013 16 de febrero de 2007, n\u00fam. 25755 &#8211; \u201c<em>Il sequestro probatorio nei confronti del giornalista non indagato: il problema del bilanciamento di interessi costituzionalmente garantiti ed il rischio di elusione delle tutele<\/em>\u201d, publicado en la revista \u201cDiritto dell\u2019Informazione e dell\u2019informatica\u201d, n\u00fam. 6 del 2008.<\/p>\n<\/div>\n<div class=\"push\" style='height:10px'><\/div>\n<div class=\"row \"><div class=\"wpv-grid grid-1-1  first unextended\" style=\"padding-top:0px;padding-bottom:0px\" id=\"wpv-column-ddf33010cfe296d90eac4edaaaa68b05\" ><p><div role=\"form\" class=\"wpcf7\" id=\"wpcf7-f9969-o1\" lang=\"en-US\" dir=\"ltr\">\n<div class=\"screen-reader-response\"><p role=\"status\" aria-live=\"polite\" aria-atomic=\"true\"><\/p> <ul><\/ul><\/div>\n<form action=\"\/esp\/wp-json\/wp\/v2\/pages\/10003#wpcf7-f9969-o1\" method=\"post\" class=\"wpcf7-form init\" novalidate=\"novalidate\" data-status=\"init\">\n<div style=\"display: none;\">\n<input type=\"hidden\" name=\"_wpcf7\" value=\"9969\" \/>\n<input type=\"hidden\" name=\"_wpcf7_version\" value=\"5.5.6\" \/>\n<input type=\"hidden\" name=\"_wpcf7_locale\" value=\"en_US\" \/>\n<input type=\"hidden\" name=\"_wpcf7_unit_tag\" value=\"wpcf7-f9969-o1\" \/>\n<input type=\"hidden\" name=\"_wpcf7_container_post\" value=\"0\" \/>\n<input type=\"hidden\" name=\"_wpcf7_posted_data_hash\" value=\"\" \/>\n<\/div>\n<div class=\"vamtam-rsvp-form\">\n<div class=\"row\">\n<div class=\"grid-1-3\">\n\t\t\t<span class=\"wpcf7-form-control-wrap yname\"><input type=\"text\" name=\"yname\" value=\"\" size=\"40\" class=\"wpcf7-form-control wpcf7-text wpcf7-validates-as-required\" id=\"name\" aria-required=\"true\" aria-invalid=\"false\" placeholder=\"Nombre\" \/><\/span>\n\t\t<\/div>\n<div class=\"grid-1-3\">\n\t\t\t<span class=\"wpcf7-form-control-wrap Phone\"><input type=\"text\" name=\"Phone\" value=\"\" size=\"40\" class=\"wpcf7-form-control wpcf7-text\" id=\"Phone\" aria-invalid=\"false\" placeholder=\"Tel\u00e9fono\" \/><\/span>\n\t\t<\/div>\n<div class=\"grid-1-3\">\n\t\t\t<span class=\"wpcf7-form-control-wrap email-534\"><input type=\"email\" name=\"email-534\" value=\"\" size=\"40\" class=\"wpcf7-form-control wpcf7-text wpcf7-email wpcf7-validates-as-required wpcf7-validates-as-email\" id=\"email\" aria-required=\"true\" aria-invalid=\"false\" placeholder=\"Correo electr\u00f3nico\" \/><\/span><\/p>\n<\/div>\n<div class=\"grid-1-1\">\n\t\t\t<span class=\"wpcf7-form-control-wrap our-message\"><textarea name=\"our-message\" cols=\"40\" rows=\"5\" class=\"wpcf7-form-control wpcf7-textarea wpcf7-validates-as-required\" id=\"message\" aria-required=\"true\" aria-invalid=\"false\" placeholder=\"Mensaje\"><\/textarea><\/span>\n\t\t<\/div>\n<\/div>\n<div style= \"text-align: center;\"><input type=\"submit\" value=\"Enviar solicitud \u2192\" class=\"wpcf7-form-control has-spinner wpcf7-submit\" \/><\/div>\n<\/div>\n<div class=\"wpcf7-response-output\" aria-hidden=\"true\"><\/div><\/form><\/div><\/div><\/div><\/div><\/div><\/p>","protected":false},"excerpt":{"rendered":"<p>CONTACTOS l.bacchini@studiogentiloni.com laurabacchini@ordineavvocatiroma.org AREA DE COMPETENCIA Defensa en juicio \u2192 Asesoramiento \u2192 Internacionalidad \u2192 EDUCACI\u00d3N Y T\u00cdTULOS Licenciatura en Derecho \u2013 Universidad \u201cRoma Tre\u201d de Roma \u2013 2004 Diploma de Especializaci\u00f3n \u2013 Escuela de Especializaci\u00f3n para las Profesiones Legales \u2013 Universidad \u201cLa Sapienza\u201d de Roma \u2013 2007 Inscripci\u00f3n al Colegio de Abogados de Roma \u2013&#8230;<\/p>\n","protected":false},"author":7,"featured_media":0,"parent":7774,"menu_order":0,"comment_status":"closed","ping_status":"closed","template":"","meta":[],"_links":{"self":[{"href":"https:\/\/studiogentiloni.com\/esp\/wp-json\/wp\/v2\/pages\/10003"}],"collection":[{"href":"https:\/\/studiogentiloni.com\/esp\/wp-json\/wp\/v2\/pages"}],"about":[{"href":"https:\/\/studiogentiloni.com\/esp\/wp-json\/wp\/v2\/types\/page"}],"author":[{"embeddable":true,"href":"https:\/\/studiogentiloni.com\/esp\/wp-json\/wp\/v2\/users\/7"}],"replies":[{"embeddable":true,"href":"https:\/\/studiogentiloni.com\/esp\/wp-json\/wp\/v2\/comments?post=10003"}],"version-history":[{"count":7,"href":"https:\/\/studiogentiloni.com\/esp\/wp-json\/wp\/v2\/pages\/10003\/revisions"}],"predecessor-version":[{"id":10551,"href":"https:\/\/studiogentiloni.com\/esp\/wp-json\/wp\/v2\/pages\/10003\/revisions\/10551"}],"up":[{"embeddable":true,"href":"https:\/\/studiogentiloni.com\/esp\/wp-json\/wp\/v2\/pages\/7774"}],"wp:attachment":[{"href":"https:\/\/studiogentiloni.com\/esp\/wp-json\/wp\/v2\/media?parent=10003"}],"curies":[{"name":"wp","href":"https:\/\/api.w.org\/{rel}","templated":true}]}}