{"id":10005,"date":"2016-12-05T11:56:13","date_gmt":"2016-12-05T11:56:13","guid":{"rendered":"http:\/\/studiogentiloni.com\/esp\/?page_id=10005"},"modified":"2017-05-04T16:57:45","modified_gmt":"2017-05-04T16:57:45","slug":"avv-fabiana-massaro","status":"publish","type":"page","link":"https:\/\/studiogentiloni.com\/esp\/professionisti\/avv-fabiana-massaro\/","title":{"rendered":"Abg. Fabiana Massaro"},"content":{"rendered":"<p><div class=\"row \"><div class=\"wpv-grid grid-1-3  wpv-first-level first has-background unextended\" style=\"\n\t\t\t\tbackground: url( 'http:\/\/studiogentiloni.com\/esp\/wp-content\/uploads\/2016\/10\/thumbnail4b.jpg' ) no-repeat center top;\n\t\t\t\tbackground-size: auto;\n\t\t\tpadding-top:400px;padding-bottom:0px\" id=\"wpv-column-5771a47fadc4fab57762d97f828d81d5\" ><\/div>\n<div class=\"wpv-grid grid-2-3 add-border wpv-first-level unextended\" style=\"padding-top:20px;padding-bottom:15px\" id=\"wpv-column-39899b4185a012543360c24814782b07\" ><div class=\"row \"><div class=\"wpv-grid grid-1-1  first unextended animation-fade-in animated-active\" style=\"padding-top:0px;padding-bottom:0px\" id=\"wpv-column-d5fa56fd226abf9684263a3fb0a293e9\" ><h4 style=\"padding-left: 20px;\">CONTACTOS<\/h4>\n<p style=\"padding-left: 20px;\"><a id=\"\" class=\"\" title=\"\" href=\" background_repeat=\"><!--Tel: 800-700-6200--><br \/>\n<\/a><a href=\"mailto:f.massaro@studiogentiloni.com@studiogentiloni.com\">f.massaro@studiogentiloni.com<\/a><br \/>\n<a href=\"mailto:fabianamassaro@ordineavvocatiroma.org\">fabianamassaro@ordineavvocatiroma.org<\/a><\/p>\n<p style=\"padding-left: 20px;\"><div class=\"push\" style='height:10px'><\/div>\n<h4 style=\"padding-left: 20px;\">AREA DE COMPETENCIA<\/h4>\n<p style=\"padding-left: 20px;\"><a href=\"\/esp\/attivitapatrocinio-in-materia-penale\/\">Defensa en juicio \u2192<\/a><br \/>\n<a href=\"\/esp\/attivitaconsulenza-e-prevenzione-del-rischio-reato\/\">Asesoramiento \u2192<\/a><br \/>\n<a href=\"\/esp\/attivitaattivita-internazionale\/\">Internacionalidad \u2192<\/a><br \/>\n<div class=\"push\" style='height:10px'><\/div>\n<h4 style=\"padding-left: 20px;\">EDUCACI\u00d3N Y T\u00cdTULOS<\/h4>\n<ul>\n<li style=\"list-style-type: none;\">\n<ul>\n<li>Licenciatura\u00a0 <em>cum laude <\/em>en Derecho &#8211; <em>Universit\u00e0 degli Studi di Firenze<\/em> \u2013 2011<\/li>\n<li><em>Maitrise en Droit<\/em> \u2013 Universit\u00e9 Paris 1 \u201cPanth\u00e9on Sorbonne\u201d, Paris \u00a0\u2013 2011<\/li>\n<li>Master profesional en <em>Droit Compar\u00e9 franco-italien et relations internationales \u2013 <\/em>Universit\u00e9 Paris 1 \u201cPanth\u00e9on Sorbonne\u201d, Paris \u2013 2011<\/li>\n<li>Inscripci\u00f3n al Colegio de Abogados de Roma &#8211; 2015<\/li>\n<\/ul>\n<\/li>\n<\/ul><\/div><\/div><\/div><\/div>\n<div class=\"push\" style='height:50px'><\/div>\n<div class=\"row \"><div class=\"wpv-grid grid-1-1  wpv-first-level first unextended\" style=\"padding-top:0px;padding-bottom:0px\" id=\"wpv-column-fe2bd4dbb717abcdf12813123f8f906f\" ><h3>EL ABOGADO<\/h3>\n<div class=\"row \">\n<div id=\"wpv-column-2d683c838b5ebbf00065efaee942c2621\" class=\"wpv-grid grid-1-2 wpv-first-level first unextended\" style=\"padding-top: 0px; padding-bottom: 0px;\">\n<div class=\"row \">\n<div id=\"wpv-column-3b2adab70b4a9bf546b86aa9455bd0e0\" class=\"wpv-grid grid-1-1 first unextended\" style=\"padding-top: 0px; padding-bottom: 0px;\">\n<p>Curs\u00f3 estudios cl\u00e1sicos y obtuvo una doble licenciatura en Derecho por la Universidad de Florencia y la Universidad de Par\u00eds 1 \u201cPanth\u00e9on-Sorbonne\u201d.<\/p>\n<p>Obtuvo tambi\u00e9n el M\u00e1ster en \u201cRelations franco-italiennes\u201d por la Universidad de Par\u00eds 1 \u201cPanth\u00e9on-Sorbonne\u201d.<\/p>\n<\/div>\n<\/div>\n<\/div>\n<div id=\"wpv-column-2fa98330df277d6d016d1927a1bffe5d1\" class=\"wpv-grid grid-1-2 wpv-first-level unextended\" style=\"padding-top: 0px; padding-bottom: 0px;\">\n<div class=\"row \">\n<div id=\"wpv-column-e0ffcb86f315b486c0ddcd2f678eca2d\" class=\"wpv-grid grid-1-1 first unextended\" style=\"padding-top: 0px; padding-bottom: 0px;\">\n<p>Despu\u00e9s de su graduaci\u00f3n, llev\u00f3 a cabo periodos de trabajo en la red diplom\u00e1tica italiana en el extranjero y fue seleccionada para un cargo en la Oficina de Protocolo y Relaciones Exteriores de la Organizaci\u00f3n Internacional bajo los auspicios de la O.N.U. I.A.C.A. \u2013 International Anti-Corruption Academy, en Viena, donde profundiz\u00f3 temas de delitos de corrupci\u00f3n en el escenario global, interactuando con estudiosos, magistrados y diplom\u00e1ticos en el \u00e1mbito de las estrategias de prevenci\u00f3n y sanci\u00f3n del fen\u00f3meno corruptivo.<\/p>\n<p>Cuando regres\u00f3 a Roma, empez\u00f3 su abogac\u00eda exclusivamente en el sector del Derecho penal, adquiriendo una experiencia particular en los procesos por delitos contra la administraci\u00f3n p\u00fablica.<\/p>\n<p>Es miembro del Colegio de Abogados de Roma desde 2015.<\/p>\n<\/div>\n<\/div>\n<\/div>\n<\/div>\n<div class=\"push\" style='height:20px'><\/div>\n<h3><\/h3>\n<div class=\"row \"><\/div><\/div><\/div>\n<div class=\"row \"><div class=\"wpv-grid grid-1-1  wpv-first-level first unextended animation-from-bottom animated-active\" style=\"padding-top:15px;padding-bottom:60px\" id=\"wpv-column-2f3c128ea241ffd9520b4bcb5b405d54\" >\t\t<div class=\"sep-text single centered\">\n\t\t\t\t\t\t\t<span class=\"sep-text-before\"><div class=\"sep-text-line\"><\/div><\/span>\n\t\t\t\t\t\t<div class=\"content\">\n\t\t\t\t<h2 class=\"text-divider-double\">Contacte al Abogado<\/h2>\t\t\t<\/div>\n\t\t\t<span class=\"sep-text-after\"><div class=\"sep-text-line\"><\/div><\/span>\n\t\t\t\t\t<\/div>\n\t<div class=\"push\" style='height:10px'><\/div>\n<div class=\"row \"><div class=\"wpv-grid grid-1-1  first unextended\" style=\"padding-top:0px;padding-bottom:0px\" id=\"wpv-column-fcec65fffd62c2423214b3d1c49c7d54\" ><p><div role=\"form\" class=\"wpcf7\" id=\"wpcf7-f10560-o1\" lang=\"en-US\" dir=\"ltr\">\n<div class=\"screen-reader-response\"><p role=\"status\" aria-live=\"polite\" aria-atomic=\"true\"><\/p> <ul><\/ul><\/div>\n<form action=\"\/esp\/wp-json\/wp\/v2\/pages\/10005#wpcf7-f10560-o1\" method=\"post\" class=\"wpcf7-form init\" novalidate=\"novalidate\" data-status=\"init\">\n<div style=\"display: none;\">\n<input type=\"hidden\" name=\"_wpcf7\" value=\"10560\" \/>\n<input type=\"hidden\" name=\"_wpcf7_version\" value=\"5.5.6\" \/>\n<input type=\"hidden\" name=\"_wpcf7_locale\" value=\"en_US\" \/>\n<input type=\"hidden\" name=\"_wpcf7_unit_tag\" value=\"wpcf7-f10560-o1\" \/>\n<input type=\"hidden\" name=\"_wpcf7_container_post\" value=\"0\" \/>\n<input type=\"hidden\" name=\"_wpcf7_posted_data_hash\" value=\"\" \/>\n<\/div>\n<div class=\"vamtam-rsvp-form\">\n<div class=\"row\">\n<div class=\"grid-1-3\">\n\t\t\t<span class=\"wpcf7-form-control-wrap yname\"><input type=\"text\" name=\"yname\" value=\"\" size=\"40\" class=\"wpcf7-form-control wpcf7-text wpcf7-validates-as-required\" id=\"name\" aria-required=\"true\" aria-invalid=\"false\" placeholder=\"Nombre\" \/><\/span>\n\t\t<\/div>\n<div class=\"grid-1-3\">\n\t\t\t<span class=\"wpcf7-form-control-wrap Phone\"><input type=\"text\" name=\"Phone\" value=\"\" size=\"40\" class=\"wpcf7-form-control wpcf7-text\" id=\"Phone\" aria-invalid=\"false\" placeholder=\"Tel\u00e9fono\" \/><\/span>\n\t\t<\/div>\n<div class=\"grid-1-3\">\n\t\t\t<span class=\"wpcf7-form-control-wrap email-534\"><input type=\"email\" name=\"email-534\" value=\"\" size=\"40\" class=\"wpcf7-form-control wpcf7-text wpcf7-email wpcf7-validates-as-required wpcf7-validates-as-email\" id=\"email\" aria-required=\"true\" aria-invalid=\"false\" placeholder=\"Correo electr\u00f3nico\" \/><\/span><\/p>\n<\/div>\n<div class=\"grid-1-1\">\n\t\t\t<span class=\"wpcf7-form-control-wrap our-message\"><textarea name=\"our-message\" cols=\"40\" rows=\"5\" class=\"wpcf7-form-control wpcf7-textarea wpcf7-validates-as-required\" id=\"message\" aria-required=\"true\" aria-invalid=\"false\" placeholder=\"Mensaje\"><\/textarea><\/span>\n\t\t<\/div>\n<\/div>\n<div style= \"text-align: center;\"><input type=\"submit\" value=\"Enviar solicitud \u2192\" class=\"wpcf7-form-control has-spinner wpcf7-submit\" \/><\/div>\n<\/div>\n<div class=\"wpcf7-response-output\" aria-hidden=\"true\"><\/div><\/form><\/div><\/div><\/div><\/div><\/div><\/p>","protected":false},"excerpt":{"rendered":"<p>CONTACTOS f.massaro@studiogentiloni.com fabianamassaro@ordineavvocatiroma.org AREA DE COMPETENCIA Defensa en juicio \u2192 Asesoramiento \u2192 Internacionalidad \u2192 EDUCACI\u00d3N Y T\u00cdTULOS Licenciatura\u00a0 cum laude en Derecho &#8211; Universit\u00e0 degli Studi di Firenze \u2013 2011 Maitrise en Droit \u2013 Universit\u00e9 Paris 1 \u201cPanth\u00e9on Sorbonne\u201d, Paris \u00a0\u2013 2011 Master profesional en Droit Compar\u00e9 franco-italien et relations internationales \u2013 Universit\u00e9 Paris 1&#8230;<\/p>\n","protected":false},"author":7,"featured_media":0,"parent":7774,"menu_order":0,"comment_status":"closed","ping_status":"closed","template":"","meta":[],"_links":{"self":[{"href":"https:\/\/studiogentiloni.com\/esp\/wp-json\/wp\/v2\/pages\/10005"}],"collection":[{"href":"https:\/\/studiogentiloni.com\/esp\/wp-json\/wp\/v2\/pages"}],"about":[{"href":"https:\/\/studiogentiloni.com\/esp\/wp-json\/wp\/v2\/types\/page"}],"author":[{"embeddable":true,"href":"https:\/\/studiogentiloni.com\/esp\/wp-json\/wp\/v2\/users\/7"}],"replies":[{"embeddable":true,"href":"https:\/\/studiogentiloni.com\/esp\/wp-json\/wp\/v2\/comments?post=10005"}],"version-history":[{"count":3,"href":"https:\/\/studiogentiloni.com\/esp\/wp-json\/wp\/v2\/pages\/10005\/revisions"}],"predecessor-version":[{"id":10573,"href":"https:\/\/studiogentiloni.com\/esp\/wp-json\/wp\/v2\/pages\/10005\/revisions\/10573"}],"up":[{"embeddable":true,"href":"https:\/\/studiogentiloni.com\/esp\/wp-json\/wp\/v2\/pages\/7774"}],"wp:attachment":[{"href":"https:\/\/studiogentiloni.com\/esp\/wp-json\/wp\/v2\/media?parent=10005"}],"curies":[{"name":"wp","href":"https:\/\/api.w.org\/{rel}","templated":true}]}}