{"id":8024,"date":"2014-07-04T23:25:06","date_gmt":"2014-07-04T23:25:06","guid":{"rendered":"http:\/\/lawyers-attorneys.vamtam.com\/?page_id=8024"},"modified":"2017-02-13T02:27:21","modified_gmt":"2017-02-13T02:27:21","slug":"link","status":"publish","type":"page","link":"https:\/\/studiogentiloni.com\/fra\/link\/","title":{"rendered":"LIENS UTILES"},"content":{"rendered":"\t\t<h2 class=\"text-divider-double\">\t\t\t\nPour une bonne connaissance du Droit.\t\t<\/h2>\t\t<div class=\"sep\"><\/div>\t\n<div class=\"push\" style='height:10px'><\/div>\n<div class=\"row \"><div class=\"wpv-grid grid-5-6  wpv-first-level first unextended\" style=\"padding-top:0px;padding-bottom:0px\" id=\"wpv-column-e0f114a6832c69f16ca2bad0b306d8f7\" ><h3>Site du Conseil National des Barreaux<\/h3>\n<div class=\"push\" style='height:20px'><\/div>\n<p><a href=\"http:\/\/www.consiglionazionaleforense.it\/\" target=\"_blank\">www.consiglionazionaleforense.it<\/a><\/div><\/div>\n<div class=\"sep-3\"><\/div>\n<div class=\"row \"><div class=\"wpv-grid grid-5-6  wpv-first-level first unextended\" style=\"padding-top:0px;padding-bottom:0px\" id=\"wpv-column-a7e60b6ec2e1381583178ba4e28c74b3\" ><h3>Conseil du Barreau de Rome<\/h3>\n<div class=\"push\" style='height:20px'><\/div>\n<h3><\/h3>\n<p><a href=\"http:\/\/www.ordineavvocati.roma.it\/\" target=\"_blank\">http:\/\/www.ordineavvocati.roma.it\/<\/a><\/div><\/div>\n<div class=\"sep-3\"><\/div>\n<div class=\"row \"><div class=\"wpv-grid grid-5-6  wpv-first-level first unextended\" style=\"padding-top:0px;padding-bottom:0px\" id=\"wpv-column-dfdda1f984a21515ec1cbe3b9644b557\" ><h3>Site de l&#8217;Union des Chambres p\u00e9nales italiennes<\/h3>\n<div class=\"push\" style='height:20px'><\/div>\n<h3><\/h3>\n<p><a href=\"http:\/\/www.camerepenali.it\" target=\"_blank\">www.camerepenali.it<\/a><\/div><\/div>\n<div class=\"sep-3\"><\/div>\n<div class=\"row \"><div class=\"wpv-grid grid-5-6  wpv-first-level first unextended\" style=\"padding-top:0px;padding-bottom:0px\" id=\"wpv-column-d35268bf1ae96b3a6d46122c8a2c62fb\" ><h3>Home-page de la Caisse Autonome des r\u00e8glements P\u00e9cuniaires des Avocats<\/h3>\n<div class=\"push\" style='height:20px'><\/div>\n<h3><\/h3>\n<p><a href=\"http:\/\/www.cassaforense.it\/\" target=\"_blank\">www.cassaforense.it<\/a><\/div><\/div>\n<div class=\"sep-3\"><\/div>\n<div class=\"row \"><div class=\"wpv-grid grid-5-6  wpv-first-level first unextended\" style=\"padding-top:0px;padding-bottom:0px\" id=\"wpv-column-04f25d9aa185e791136a7cb8aaca7ba0\" ><h3>Praecepta \u2013 Cours de pr\u00e9paration au Barreau<\/h3>\n<div class=\"push\" style='height:20px'><\/div>\n<h3><\/h3>\n<p><a href=\"http:\/\/www.praecepta.it\/\" target=\"_blank\">www.praecepta.it<\/a><\/div><\/div>\n<div class=\"sep-3\"><\/div>\n<div class=\"row \"><div class=\"wpv-grid grid-5-6  wpv-first-level first unextended\" style=\"padding-top:0px;padding-bottom:0px\" id=\"wpv-column-a9d17ee518d66ec298f62f07ba7bf817\" ><h3>Site officiel du Minist\u00e8re de la Justice<\/h3>\n<div class=\"push\" style='height:20px'><\/div>\n<h3><\/h3>\n<p><a href=\"http:\/\/www.giustizia.it\/\" target=\"_blank\">www.giustizia.it<\/a><\/div><\/div>\n<div class=\"sep-3\"><\/div>\n<div class=\"row \"><div class=\"wpv-grid grid-5-6  wpv-first-level first unextended\" style=\"padding-top:0px;padding-bottom:0px\" id=\"wpv-column-5496ad4e11b2c36b3d0135305bd3aa51\" ><h3>Justice Map: recherche des Bureaux Judiciaires comp\u00e9tents par Commune<\/h3>\n<div class=\"push\" style='height:20px'><\/div>\n<h3><\/h3>\n<p><a href=\"http:\/\/www.giustizia.it\/giustizia\/it\/mg_4.wp\" target=\"_blank\">http:\/\/www.giustizia.it\/giustizia\/it\/mg_4.wp<\/a><\/div><\/div>\n<div class=\"sep-3\"><\/div>\n<div class=\"row \"><div class=\"wpv-grid grid-1-1  wpv-first-level first unextended\" style=\"padding-top:0px;padding-bottom:0px\" id=\"wpv-column-6f4a4e55959db73d55fe0882e285c6c7\" ><p>&nbsp;<\/div><\/div>\n<div class=\"row \"><div class=\"wpv-grid grid-5-6  wpv-first-level first unextended\" style=\"padding-top:0px;padding-bottom:0px\" id=\"wpv-column-5b9740f7a3362c2a0567f375c5ececf6\" ><h3>Revue de jurisprudence et doctrine p\u00e9nale<\/h3>\n<div class=\"push\" style='height:20px'><\/div>\n<h3><\/h3>\n<p><a href=\"http:\/\/www.penalecontemporaneo.it\" target=\"_blank\">http:\/\/www.penalecontemporaneo.it<\/a><\/div><\/div>\n<div class=\"sep-3\"><\/div>\n<div class=\"row \"><div class=\"wpv-grid grid-5-6  wpv-first-level first unextended\" style=\"padding-top:0px;padding-bottom:0px\" id=\"wpv-column-fa34d5d86f87ef896c682cf3db3c425f\" ><h3>Site officiel de la Cour Europ\u00e9enne des Droits de l&#8217;Homme<\/h3>\n<div class=\"push\" style='height:20px'><\/div>\n<h3><\/h3>\n<p><a href=\"http:\/\/www.echr.coe.int\/\" target=\"_blank\">www.echr.coe.int<\/a><\/div><\/div>\n<div class=\"sep-3\"><\/div>\n<div class=\"row \"><div class=\"wpv-grid grid-5-6  wpv-first-level first unextended\" style=\"padding-top:0px;padding-bottom:0px\" id=\"wpv-column-6e4888cfc1020abe6b4d7af7e6d062cc\" ><h3>Banque de donn\u00e9e officielle des arr\u00eats de la Cour Europ\u00e9enne des Droits de l&#8217;Homme<\/h3>\n<div class=\"push\" style='height:20px'><\/div>\n<h3><\/h3>\n<p><a href=\"http:\/\/hudoc.echr.coe.int\/eng\" target=\"_blank\">http:\/\/hudoc.echr.coe.int\/eng<\/a><\/div><\/div>\n<div class=\"sep-3\"><\/div>\n<div class=\"row \"><div class=\"wpv-grid grid-5-6  wpv-first-level first unextended\" style=\"padding-top:0px;padding-bottom:0px\" id=\"wpv-column-901ea20a577bf5049ff821bbac695f8d\" ><h3>Portail officiel de l&#8217;Union Europ\u00e9enne<\/h3>\n<div class=\"push\" style='height:20px'><\/div>\n<h3><\/h3>\n<p><a href=\"http:\/\/europa.eu\/\" target=\"_blank\">europa.eu<\/a><\/div><\/div>\n<div class=\"sep-3\"><\/div>\n<div class=\"row \"><div class=\"wpv-grid grid-5-6  wpv-first-level first unextended\" style=\"padding-top:0px;padding-bottom:0px\" id=\"wpv-column-db86ed560fc7c3f8cdcbdd3c5c25f678\" ><h3>Site officiel du Conseil Constitutionnel Italien<\/h3>\n<div class=\"push\" style='height:20px'><\/div>\n<h3><\/h3>\n<p><a href=\"http:\/\/www.cortecostituzionale.it\/default.do\" target=\"_blank\">www.cortecostituzionale.it\/default.do<\/a><\/div><\/div>\n<div class=\"sep-3\"><\/div>\n<div class=\"row \"><div class=\"wpv-grid grid-5-6  wpv-first-level first unextended\" style=\"padding-top:0px;padding-bottom:0px\" id=\"wpv-column-a3b2d59221e738671aaff168936ce9bc\" ><h3>Site officiel de la Cour de Cassation<\/h3>\n<div class=\"push\" style='height:20px'><\/div>\n<h3><\/h3>\n<p><a href=\"http:\/\/www.cassazione.it\/\" target=\"_blank\">www.cassazione.it<\/a><\/div><\/div>\n<div class=\"sep-3\"><\/div>\n<div class=\"row \"><div class=\"wpv-grid grid-5-6  wpv-first-level first unextended\" style=\"padding-top:0px;padding-bottom:0px\" id=\"wpv-column-11ba98edadfcc02b9edcbc8b34829fea\" ><h3>Site officiel de la Cour de Justice des Communaut\u00e9s Europ\u00e9ennes<\/h3>\n<div class=\"push\" style='height:20px'><\/div>\n<h3><\/h3>\n<p><a href=\"http:\/\/www.esteri.it\/mae\/en\/\" target=\"_blank\">www.esteri.it\/mae\/en\/<\/a><\/div><\/div>\n<div class=\"sep-3\"><\/div>\n<div class=\"row \"><div class=\"wpv-grid grid-5-6  wpv-first-level first unextended\" style=\"padding-top:0px;padding-bottom:0px\" id=\"wpv-column-30d6e7002fb087b27c0a26882d7632a4\" ><h3>Banque de donn\u00e9e des trait\u00e9s internationaux en vigueur pour l&#8217;Italie<\/h3>\n<div class=\"push\" style='height:20px'><\/div>\n<h3><\/h3>\n<p><a href=\"http:\/\/itra.esteri.it\/\" target=\"_blank\">itra.esteri.it<\/a><\/div><\/div>\n<div class=\"row \"><div class=\"wpv-grid grid-1-1  wpv-first-level first unextended\" style=\"padding-top:0px;padding-bottom:0px\" id=\"wpv-column-a4e82d3ed7e56418ce244b1c5c09ce81\" ><p>&nbsp;<\/div><\/div>\n<div class=\"push\" style='height:120px'><\/div>\n","protected":false},"excerpt":{"rendered":"<p>Site du Conseil National des Barreaux www.consiglionazionaleforense.it Conseil du Barreau de Rome http:\/\/www.ordineavvocati.roma.it\/ Site de l&#8217;Union des Chambres p\u00e9nales italiennes www.camerepenali.it Home-page de la Caisse Autonome des r\u00e8glements P\u00e9cuniaires des Avocats www.cassaforense.it Praecepta \u2013 Cours de pr\u00e9paration au Barreau www.praecepta.it Site officiel du Minist\u00e8re de la Justice www.giustizia.it Justice Map: recherche des Bureaux Judiciaires comp\u00e9tents&#8230;<\/p>\n","protected":false},"author":7,"featured_media":0,"parent":0,"menu_order":0,"comment_status":"closed","ping_status":"closed","template":"","meta":[],"_links":{"self":[{"href":"https:\/\/studiogentiloni.com\/fra\/wp-json\/wp\/v2\/pages\/8024"}],"collection":[{"href":"https:\/\/studiogentiloni.com\/fra\/wp-json\/wp\/v2\/pages"}],"about":[{"href":"https:\/\/studiogentiloni.com\/fra\/wp-json\/wp\/v2\/types\/page"}],"author":[{"embeddable":true,"href":"https:\/\/studiogentiloni.com\/fra\/wp-json\/wp\/v2\/users\/7"}],"replies":[{"embeddable":true,"href":"https:\/\/studiogentiloni.com\/fra\/wp-json\/wp\/v2\/comments?post=8024"}],"version-history":[{"count":1,"href":"https:\/\/studiogentiloni.com\/fra\/wp-json\/wp\/v2\/pages\/8024\/revisions"}],"predecessor-version":[{"id":10493,"href":"https:\/\/studiogentiloni.com\/fra\/wp-json\/wp\/v2\/pages\/8024\/revisions\/10493"}],"wp:attachment":[{"href":"https:\/\/studiogentiloni.com\/fra\/wp-json\/wp\/v2\/media?parent=8024"}],"curies":[{"name":"wp","href":"https:\/\/api.w.org\/{rel}","templated":true}]}}