{"id":9845,"date":"2016-10-27T14:18:07","date_gmt":"2016-10-27T14:18:07","guid":{"rendered":"http:\/\/studiogentiloni.com\/fra\/?page_id=9845"},"modified":"2017-03-29T10:55:23","modified_gmt":"2017-03-29T10:55:23","slug":"consulenza-e-prevenzione-del-rischio-reato","status":"publish","type":"page","link":"https:\/\/studiogentiloni.com\/fra\/attivita\/consulenza-e-prevenzione-del-rischio-reato\/","title":{"rendered":"Conseil et pr\u00e9vention du risque p\u00e9nal"},"content":{"rendered":"<p><div class=\"push\" style='height:20px'><\/div>\n<div class=\"row \"><div class=\"wpv-grid grid-1-1  wpv-first-level first unextended\" style=\"padding-top:0px;padding-bottom:0px\" id=\"wpv-column-beba2e3ec64c22af5b595a52a6e1720a\" ><p>En sus de la d\u00e9fense p\u00e9nale, le Cabinet est reconnu pour son activit\u00e9 de <strong>conseil juridique destin\u00e9 aux particuliers et aux personnes morales<\/strong>, essentiellement en mati\u00e8re de droit p\u00e9nal des affaires. Nous travaillons \u00e0 <strong>l\u2019identification, la pr\u00e9vention et la gestion du risque p\u00e9nal<\/strong> \u00e9galement en lien avec les normes techniques du secteur, en fournissant du conseil et en accompagnant les instances de gouvernance de l\u2019organisme dans leurs d\u00e9cisions ; nous \u00e9laborons des proc\u00e9dures de contr\u00f4le interne sur-mesure et proposons des solutions d\u2019organisation interne de gestion du risque p\u00e9nal, en interface avec les Autorit\u00e9s publiques de contr\u00f4le et les r\u00e9gulateurs et en proposant des modules de formation pour les dirigeants et le personnel.<\/div><\/div>\n<div class=\"row \"><div class=\"wpv-grid grid-1-1  wpv-first-level first unextended\" style=\"padding-top:0px;padding-bottom:0px\" id=\"wpv-column-8b020cb32da5b4c8d55db2cb74a58f4d\" ><blockquote><p>Nous accompagnons de fa\u00e7on continue nos clients personnes physiques, entrepreneurs ainsi que les grands Groupes de soci\u00e9t\u00e9s italiens et \u00e9trangers en mettant \u00e0 disposition nos comp\u00e9tences juridiques de conseil eu \u00e9gard \u00e0 toute la l\u00e9gislation p\u00e9nale dans une perspective pluridisciplinaire et transversale incluant toutes les branches du droit afin d\u2019identifier la meilleure r\u00e9ponse aux exigences du client. \u00c0 ce titre, nous travaillons en \u00e9troite collaboration avec les juristes internes de l\u2019entreprise et ses consultants ext\u00e9rieurs qui coop\u00e8rent avec la personne morale. Nous communiquons et r\u00e9digeons constamment des documents l\u00e9gaux en anglais, fran\u00e7ais, espagnol, portugais et allemand.<\/p><\/blockquote><\/div><\/div>\n<div class=\"row \"><div class=\"wpv-grid grid-1  wpv-first-level first unextended\" style=\"padding-top:0px;padding-bottom:0px\" id=\"wpv-column-f4ed75150a1f8af1d83cd1f8fd717d09\" ><p>Parmi les clients italiens et \u00e9trangers du Cabinet figure quelques unes des plus prestigieuses Compagnies d\u2019assurances, des Groupes de soci\u00e9t\u00e9 et des multinationales, des entreprises et des institutions publiques et priv\u00e9es.<\/div>\n<p>&nbsp;<\/p>\n<div class=\"wpv-grid grid-1-1  wpv-first-level has-background unextended\" style=\"background-color:#e5e1e1;padding-top:0px;padding-bottom:0px\" id=\"wpv-column-6eb961b7febae85cecfc331d90ec3ec8\" ><style>#wpv-column-6eb961b7febae85cecfc331d90ec3ec8 p,#wpv-column-6eb961b7febae85cecfc331d90ec3ec8 em,#wpv-column-6eb961b7febae85cecfc331d90ec3ec8 .column-title,#wpv-column-6eb961b7febae85cecfc331d90ec3ec8 .sep-text h2.regular-title-wrapper,#wpv-column-6eb961b7febae85cecfc331d90ec3ec8 .text-divider-double,#wpv-column-6eb961b7febae85cecfc331d90ec3ec8 .sep-text .sep-text-line,#wpv-column-6eb961b7febae85cecfc331d90ec3ec8 .sep,#wpv-column-6eb961b7febae85cecfc331d90ec3ec8 .sep-2,#wpv-column-6eb961b7febae85cecfc331d90ec3ec8 .sep-3,#wpv-column-6eb961b7febae85cecfc331d90ec3ec8 td,#wpv-column-6eb961b7febae85cecfc331d90ec3ec8 th,#wpv-column-6eb961b7febae85cecfc331d90ec3ec8 caption{color:#6b5c5c;}#wpv-column-6eb961b7febae85cecfc331d90ec3ec8:before{background-color:transparent;}<\/style><div class=\"row \"><div class=\"wpv-grid grid-1-1  first unextended\" style=\"padding-top:0px;padding-bottom:0px\" id=\"wpv-column-86c4fe56ccd680334e0ac080676d69c9\" ><p>Nous participons activement \u00e0 la r\u00e9daction et \u00e0 la mise \u00e0 jour des Mod\u00e8les d\u2019Organisation et de Gestion pr\u00e9vus par le D\u00e9cret n. 231\/2001. Lien pour la Brochure 231<\/div><\/div><\/div><\/div>\n\t\t<div class=\"sep-text single centered\">\n\t\t\t\t\t\t\t<span class=\"sep-text-before\"><div class=\"sep-text-line\"><\/div><\/span>\n\t\t\t\t\t\t<div class=\"content\">\n\t\t\t\t<h2 class=\"text-divider-double\">\nT\u00e9l\u00e9charger la Brochure 231<br \/>\n<\/h2>\t\t\t<\/div>\n\t\t\t<span class=\"sep-text-after\"><div class=\"sep-text-line\"><\/div><\/span>\n\t\t\t\t\t<\/div>\n\t\n<div class=\"push\" style='margin-bottom:-10px'><\/div>\n<div class=\"row \"><div class=\"wpv-grid grid-1-1  wpv-first-level first unextended animation-fade-in animated-active\" style=\"padding-top:0px;padding-bottom:0px\" id=\"wpv-column-95c2d9ee731e678b59e512a51164d6ce\" ><p style=\"text-align: center;\"><div class=\"push\" style='height:10px'><\/div> <p class=\"textcenter\"><a href=\"\/en\/wp-content\/uploads\/2016\/12\/Brochure_231.pdf\" target=\"_blank\" style='font-size: 12px;' class=\"button vamtam-button accent1  button-border hover-accent1 \"><span class='icon shortcode theme  use-hover' style='font-size:20px !important;color:#7C7F82;'>&#57564;<\/span><span class=\"btext\">T\u00e9l\u00e9chargez<\/span><\/a><\/p><\/div><\/div>\n<div class=\"push\" style='height:80px'><\/div><\/p>","protected":false},"excerpt":{"rendered":"<p>En sus de la d\u00e9fense p\u00e9nale, le Cabinet est reconnu pour son activit\u00e9 de conseil juridique destin\u00e9 aux particuliers et aux personnes morales, essentiellement en mati\u00e8re de droit p\u00e9nal des affaires. Nous travaillons \u00e0 l\u2019identification, la pr\u00e9vention et la gestion du risque p\u00e9nal \u00e9galement en lien avec les normes techniques du secteur, en fournissant du&#8230;<\/p>\n","protected":false},"author":7,"featured_media":0,"parent":7956,"menu_order":0,"comment_status":"closed","ping_status":"closed","template":"","meta":[],"_links":{"self":[{"href":"https:\/\/studiogentiloni.com\/fra\/wp-json\/wp\/v2\/pages\/9845"}],"collection":[{"href":"https:\/\/studiogentiloni.com\/fra\/wp-json\/wp\/v2\/pages"}],"about":[{"href":"https:\/\/studiogentiloni.com\/fra\/wp-json\/wp\/v2\/types\/page"}],"author":[{"embeddable":true,"href":"https:\/\/studiogentiloni.com\/fra\/wp-json\/wp\/v2\/users\/7"}],"replies":[{"embeddable":true,"href":"https:\/\/studiogentiloni.com\/fra\/wp-json\/wp\/v2\/comments?post=9845"}],"version-history":[{"count":4,"href":"https:\/\/studiogentiloni.com\/fra\/wp-json\/wp\/v2\/pages\/9845\/revisions"}],"predecessor-version":[{"id":10555,"href":"https:\/\/studiogentiloni.com\/fra\/wp-json\/wp\/v2\/pages\/9845\/revisions\/10555"}],"up":[{"embeddable":true,"href":"https:\/\/studiogentiloni.com\/fra\/wp-json\/wp\/v2\/pages\/7956"}],"wp:attachment":[{"href":"https:\/\/studiogentiloni.com\/fra\/wp-json\/wp\/v2\/media?parent=9845"}],"curies":[{"name":"wp","href":"https:\/\/api.w.org\/{rel}","templated":true}]}}